{"id":3462,"date":"2025-12-03T07:12:56","date_gmt":"2025-12-03T06:12:56","guid":{"rendered":"https:\/\/www.zus-exnarova.sk\/1234\/?page_id=3462"},"modified":"2025-12-19T14:54:25","modified_gmt":"2025-12-19T13:54:25","slug":"venujte-nam-60-sekund-a-dajte-hlas-nasmu-stromceku-c-14-dakujeme","status":"publish","type":"page","link":"https:\/\/www.zus-exnarova.sk\/1234\/venujte-nam-60-sekund-a-dajte-hlas-nasmu-stromceku-c-14-dakujeme\/","title":{"rendered":"Viano\u010dn\u00fd les &#8211; Z\u00edskali sme \u0160peci\u00e1lne ocenenie IKEA za origin\u00e1lne vytvoren\u00e9 ozdoby"},"content":{"rendered":"\n<p><\/p>\n\n\n\n<p><\/p>\n\n\n\n<p><\/p>\n\n\n\n<p>Blaho\u017eel\u00e1me na\u0161im \u017eiakom <img decoding=\"async\" height=\"16\" width=\"16\" src=\"https:\/\/static.xx.fbcdn.net\/images\/emoji.php\/v9\/t2\/1\/16\/1f60d.png\" alt=\"\ud83d\ude0d\"><span style=\"color: initial; font-size: revert;\">z V\u00fdtvarn\u00e9ho odboru<\/span><img decoding=\"async\" height=\"16\" width=\"16\" src=\"https:\/\/static.xx.fbcdn.net\/images\/emoji.php\/v9\/t58\/1\/16\/1f929.png\" alt=\"\ud83e\udd29\">V 9. ro\u010dn\u00edku projektu Viano\u010dn\u00fd les &#8211; s\u00fa\u0165a\u017e o naj\u010darovnej\u0161ie ozdoben\u00fd strom\u010dek <img decoding=\"async\" height=\"16\" width=\"16\" src=\"https:\/\/static.xx.fbcdn.net\/images\/emoji.php\/v9\/t7\/1\/16\/1f384.png\" alt=\"\ud83c\udf84\"><img decoding=\"async\" height=\"16\" width=\"16\" src=\"https:\/\/static.xx.fbcdn.net\/images\/emoji.php\/v9\/t7\/1\/16\/1f384.png\" alt=\"\ud83c\udf84\"><img decoding=\"async\" height=\"16\" width=\"16\" src=\"https:\/\/static.xx.fbcdn.net\/images\/emoji.php\/v9\/t7\/1\/16\/1f384.png\" alt=\"\ud83c\udf84\"> z\u00edskali \u0160peci\u00e1lne ocenenie IKEA <img decoding=\"async\" height=\"16\" width=\"16\" src=\"https:\/\/static.xx.fbcdn.net\/images\/emoji.php\/v9\/t7\/1\/16\/1f384.png\" alt=\"\ud83c\udf84\">za origin\u00e1lne vytvoren\u00e9 ozdoby <img decoding=\"async\" height=\"16\" width=\"16\" src=\"https:\/\/static.xx.fbcdn.net\/images\/emoji.php\/v9\/t58\/1\/16\/1f929.png\" alt=\"\ud83e\udd29\"><img loading=\"lazy\" decoding=\"async\" height=\"16\" width=\"16\" src=\"https:\/\/static.xx.fbcdn.net\/images\/emoji.php\/v9\/t6d\/1\/16\/1f973.png\" alt=\"\ud83e\udd73\">Blaho\u017eel\u00e1me aj pani u\u010dite\u013ek\u00e1m a \u010fakujeme za spolupr\u00e1cu<img decoding=\"async\" height=\"16\" width=\"16\" src=\"https:\/\/static.xx.fbcdn.net\/images\/emoji.php\/v9\/t7\/1\/16\/1f384.png\" alt=\"\ud83c\udf84\"><\/p>\n\n\n\n<p><\/p>\n\n\n\n<p><\/p>\n\n\n\n<p><\/p>\n\n\n\n<figure class=\"wp-block-gallery has-nested-images columns-default is-cropped wp-block-gallery-1 is-layout-flex wp-block-gallery-is-layout-flex\">\n<figure class=\"wp-block-image size-large\"><img loading=\"lazy\" decoding=\"async\" width=\"480\" height=\"640\" data-id=\"3466\" src=\"https:\/\/www.zus-exnarova.sk\/1234\/wp-content\/uploads\/2025\/12\/IMG_5257.jpg\" alt=\"\" class=\"wp-image-3466\" srcset=\"https:\/\/www.zus-exnarova.sk\/1234\/wp-content\/uploads\/2025\/12\/IMG_5257.jpg 480w, https:\/\/www.zus-exnarova.sk\/1234\/wp-content\/uploads\/2025\/12\/IMG_5257-225x300.jpg 225w\" sizes=\"(max-width: 480px) 100vw, 480px\" \/><\/figure>\n\n\n\n<figure class=\"wp-block-image size-large\"><img loading=\"lazy\" decoding=\"async\" width=\"480\" height=\"640\" data-id=\"3470\" src=\"https:\/\/www.zus-exnarova.sk\/1234\/wp-content\/uploads\/2025\/12\/IMG_5258.jpg\" alt=\"\" class=\"wp-image-3470\" srcset=\"https:\/\/www.zus-exnarova.sk\/1234\/wp-content\/uploads\/2025\/12\/IMG_5258.jpg 480w, https:\/\/www.zus-exnarova.sk\/1234\/wp-content\/uploads\/2025\/12\/IMG_5258-225x300.jpg 225w\" sizes=\"(max-width: 480px) 100vw, 480px\" \/><\/figure>\n\n\n\n<figure class=\"wp-block-image size-large\"><img loading=\"lazy\" decoding=\"async\" width=\"480\" height=\"640\" data-id=\"3469\" src=\"https:\/\/www.zus-exnarova.sk\/1234\/wp-content\/uploads\/2025\/12\/IMG_5259.jpg\" alt=\"\" class=\"wp-image-3469\" srcset=\"https:\/\/www.zus-exnarova.sk\/1234\/wp-content\/uploads\/2025\/12\/IMG_5259.jpg 480w, https:\/\/www.zus-exnarova.sk\/1234\/wp-content\/uploads\/2025\/12\/IMG_5259-225x300.jpg 225w\" sizes=\"(max-width: 480px) 100vw, 480px\" \/><\/figure>\n\n\n\n<figure class=\"wp-block-image size-large\"><img loading=\"lazy\" decoding=\"async\" width=\"480\" height=\"640\" data-id=\"3479\" src=\"https:\/\/www.zus-exnarova.sk\/1234\/wp-content\/uploads\/2025\/12\/IMG_5260.jpg\" alt=\"\" class=\"wp-image-3479\" srcset=\"https:\/\/www.zus-exnarova.sk\/1234\/wp-content\/uploads\/2025\/12\/IMG_5260.jpg 480w, https:\/\/www.zus-exnarova.sk\/1234\/wp-content\/uploads\/2025\/12\/IMG_5260-225x300.jpg 225w\" sizes=\"(max-width: 480px) 100vw, 480px\" \/><\/figure>\n\n\n\n<figure class=\"wp-block-image size-large\"><img loading=\"lazy\" decoding=\"async\" width=\"480\" height=\"640\" data-id=\"3476\" src=\"https:\/\/www.zus-exnarova.sk\/1234\/wp-content\/uploads\/2025\/12\/IMG_5261.jpg\" alt=\"\" class=\"wp-image-3476\" srcset=\"https:\/\/www.zus-exnarova.sk\/1234\/wp-content\/uploads\/2025\/12\/IMG_5261.jpg 480w, https:\/\/www.zus-exnarova.sk\/1234\/wp-content\/uploads\/2025\/12\/IMG_5261-225x300.jpg 225w\" sizes=\"(max-width: 480px) 100vw, 480px\" \/><\/figure>\n\n\n\n<figure class=\"wp-block-image size-large\"><img loading=\"lazy\" decoding=\"async\" width=\"480\" height=\"640\" data-id=\"3467\" src=\"https:\/\/www.zus-exnarova.sk\/1234\/wp-content\/uploads\/2025\/12\/IMG_5262.jpg\" alt=\"\" class=\"wp-image-3467\" srcset=\"https:\/\/www.zus-exnarova.sk\/1234\/wp-content\/uploads\/2025\/12\/IMG_5262.jpg 480w, https:\/\/www.zus-exnarova.sk\/1234\/wp-content\/uploads\/2025\/12\/IMG_5262-225x300.jpg 225w\" sizes=\"(max-width: 480px) 100vw, 480px\" \/><\/figure>\n\n\n\n<figure class=\"wp-block-image size-large\"><img loading=\"lazy\" decoding=\"async\" width=\"480\" height=\"640\" data-id=\"3481\" src=\"https:\/\/www.zus-exnarova.sk\/1234\/wp-content\/uploads\/2025\/12\/IMG_5263.jpg\" alt=\"\" class=\"wp-image-3481\" srcset=\"https:\/\/www.zus-exnarova.sk\/1234\/wp-content\/uploads\/2025\/12\/IMG_5263.jpg 480w, https:\/\/www.zus-exnarova.sk\/1234\/wp-content\/uploads\/2025\/12\/IMG_5263-225x300.jpg 225w\" sizes=\"(max-width: 480px) 100vw, 480px\" \/><\/figure>\n\n\n\n<figure class=\"wp-block-image size-large\"><img loading=\"lazy\" decoding=\"async\" width=\"480\" height=\"640\" data-id=\"3465\" src=\"https:\/\/www.zus-exnarova.sk\/1234\/wp-content\/uploads\/2025\/12\/IMG_5264.jpg\" alt=\"\" class=\"wp-image-3465\" srcset=\"https:\/\/www.zus-exnarova.sk\/1234\/wp-content\/uploads\/2025\/12\/IMG_5264.jpg 480w, https:\/\/www.zus-exnarova.sk\/1234\/wp-content\/uploads\/2025\/12\/IMG_5264-225x300.jpg 225w\" sizes=\"(max-width: 480px) 100vw, 480px\" \/><\/figure>\n\n\n\n<figure class=\"wp-block-image size-large\"><img loading=\"lazy\" decoding=\"async\" width=\"480\" height=\"640\" data-id=\"3480\" src=\"https:\/\/www.zus-exnarova.sk\/1234\/wp-content\/uploads\/2025\/12\/IMG_5265-1.jpg\" alt=\"\" class=\"wp-image-3480\" srcset=\"https:\/\/www.zus-exnarova.sk\/1234\/wp-content\/uploads\/2025\/12\/IMG_5265-1.jpg 480w, https:\/\/www.zus-exnarova.sk\/1234\/wp-content\/uploads\/2025\/12\/IMG_5265-1-225x300.jpg 225w\" sizes=\"(max-width: 480px) 100vw, 480px\" \/><\/figure>\n\n\n\n<figure class=\"wp-block-image size-large\"><img loading=\"lazy\" decoding=\"async\" width=\"480\" height=\"640\" data-id=\"3468\" src=\"https:\/\/www.zus-exnarova.sk\/1234\/wp-content\/uploads\/2025\/12\/IMG_5266.jpg\" alt=\"\" class=\"wp-image-3468\" srcset=\"https:\/\/www.zus-exnarova.sk\/1234\/wp-content\/uploads\/2025\/12\/IMG_5266.jpg 480w, https:\/\/www.zus-exnarova.sk\/1234\/wp-content\/uploads\/2025\/12\/IMG_5266-225x300.jpg 225w\" sizes=\"(max-width: 480px) 100vw, 480px\" \/><\/figure>\n\n\n\n<figure class=\"wp-block-image size-large\"><img loading=\"lazy\" decoding=\"async\" width=\"480\" height=\"640\" data-id=\"3482\" src=\"https:\/\/www.zus-exnarova.sk\/1234\/wp-content\/uploads\/2025\/12\/IMG_5267.jpg\" alt=\"\" class=\"wp-image-3482\" srcset=\"https:\/\/www.zus-exnarova.sk\/1234\/wp-content\/uploads\/2025\/12\/IMG_5267.jpg 480w, https:\/\/www.zus-exnarova.sk\/1234\/wp-content\/uploads\/2025\/12\/IMG_5267-225x300.jpg 225w\" sizes=\"(max-width: 480px) 100vw, 480px\" \/><\/figure>\n\n\n\n<figure class=\"wp-block-image size-large\"><img loading=\"lazy\" decoding=\"async\" width=\"480\" height=\"640\" data-id=\"3471\" src=\"https:\/\/www.zus-exnarova.sk\/1234\/wp-content\/uploads\/2025\/12\/IMG_5268.jpg\" alt=\"\" class=\"wp-image-3471\" srcset=\"https:\/\/www.zus-exnarova.sk\/1234\/wp-content\/uploads\/2025\/12\/IMG_5268.jpg 480w, https:\/\/www.zus-exnarova.sk\/1234\/wp-content\/uploads\/2025\/12\/IMG_5268-225x300.jpg 225w\" sizes=\"(max-width: 480px) 100vw, 480px\" \/><\/figure>\n\n\n\n<figure class=\"wp-block-image size-large\"><img loading=\"lazy\" decoding=\"async\" width=\"480\" height=\"640\" data-id=\"3473\" src=\"https:\/\/www.zus-exnarova.sk\/1234\/wp-content\/uploads\/2025\/12\/IMG_5269.jpg\" alt=\"\" class=\"wp-image-3473\" srcset=\"https:\/\/www.zus-exnarova.sk\/1234\/wp-content\/uploads\/2025\/12\/IMG_5269.jpg 480w, https:\/\/www.zus-exnarova.sk\/1234\/wp-content\/uploads\/2025\/12\/IMG_5269-225x300.jpg 225w\" sizes=\"(max-width: 480px) 100vw, 480px\" \/><\/figure>\n\n\n\n<figure class=\"wp-block-image size-large\"><img loading=\"lazy\" decoding=\"async\" width=\"480\" height=\"640\" data-id=\"3474\" src=\"https:\/\/www.zus-exnarova.sk\/1234\/wp-content\/uploads\/2025\/12\/IMG_5270.jpg\" alt=\"\" class=\"wp-image-3474\" srcset=\"https:\/\/www.zus-exnarova.sk\/1234\/wp-content\/uploads\/2025\/12\/IMG_5270.jpg 480w, https:\/\/www.zus-exnarova.sk\/1234\/wp-content\/uploads\/2025\/12\/IMG_5270-225x300.jpg 225w\" sizes=\"(max-width: 480px) 100vw, 480px\" \/><\/figure>\n\n\n\n<figure class=\"wp-block-image size-large\"><img loading=\"lazy\" decoding=\"async\" width=\"480\" height=\"640\" data-id=\"3478\" src=\"https:\/\/www.zus-exnarova.sk\/1234\/wp-content\/uploads\/2025\/12\/IMG_5271.jpg\" alt=\"\" class=\"wp-image-3478\" srcset=\"https:\/\/www.zus-exnarova.sk\/1234\/wp-content\/uploads\/2025\/12\/IMG_5271.jpg 480w, https:\/\/www.zus-exnarova.sk\/1234\/wp-content\/uploads\/2025\/12\/IMG_5271-225x300.jpg 225w\" sizes=\"(max-width: 480px) 100vw, 480px\" \/><\/figure>\n\n\n\n<figure class=\"wp-block-image size-large\"><img loading=\"lazy\" decoding=\"async\" width=\"480\" height=\"640\" data-id=\"3477\" src=\"https:\/\/www.zus-exnarova.sk\/1234\/wp-content\/uploads\/2025\/12\/IMG_5272.jpg\" alt=\"\" class=\"wp-image-3477\" srcset=\"https:\/\/www.zus-exnarova.sk\/1234\/wp-content\/uploads\/2025\/12\/IMG_5272.jpg 480w, https:\/\/www.zus-exnarova.sk\/1234\/wp-content\/uploads\/2025\/12\/IMG_5272-225x300.jpg 225w\" sizes=\"(max-width: 480px) 100vw, 480px\" \/><\/figure>\n\n\n\n<figure class=\"wp-block-image size-large\"><img loading=\"lazy\" decoding=\"async\" width=\"480\" height=\"640\" data-id=\"3475\" src=\"https:\/\/www.zus-exnarova.sk\/1234\/wp-content\/uploads\/2025\/12\/IMG_5273.jpg\" alt=\"\" class=\"wp-image-3475\" srcset=\"https:\/\/www.zus-exnarova.sk\/1234\/wp-content\/uploads\/2025\/12\/IMG_5273.jpg 480w, https:\/\/www.zus-exnarova.sk\/1234\/wp-content\/uploads\/2025\/12\/IMG_5273-225x300.jpg 225w\" sizes=\"(max-width: 480px) 100vw, 480px\" \/><\/figure>\n\n\n\n<figure class=\"wp-block-image size-large\"><img loading=\"lazy\" decoding=\"async\" width=\"480\" height=\"640\" data-id=\"3472\" src=\"https:\/\/www.zus-exnarova.sk\/1234\/wp-content\/uploads\/2025\/12\/IMG_5274.jpg\" alt=\"\" class=\"wp-image-3472\" srcset=\"https:\/\/www.zus-exnarova.sk\/1234\/wp-content\/uploads\/2025\/12\/IMG_5274.jpg 480w, https:\/\/www.zus-exnarova.sk\/1234\/wp-content\/uploads\/2025\/12\/IMG_5274-225x300.jpg 225w\" sizes=\"(max-width: 480px) 100vw, 480px\" \/><\/figure>\n<\/figure>\n\n\n\n<p><\/p>\n","protected":false},"excerpt":{"rendered":"<p>Blaho\u017eel\u00e1me na\u0161im \u017eiakom z V\u00fdtvarn\u00e9ho odboruV 9. ro\u010dn\u00edku projektu Viano\u010dn\u00fd les &#8211; s\u00fa\u0165a\u017e o naj\u010darovnej\u0161ie ozdoben\u00fd strom\u010dek z\u00edskali \u0160peci\u00e1lne ocenenie IKEA za origin\u00e1lne vytvoren\u00e9 ozdoby Blaho\u017eel\u00e1me aj pani u\u010dite\u013ek\u00e1m a \u010fakujeme za spolupr\u00e1cu<\/p>\n","protected":false},"author":2,"featured_media":0,"parent":0,"menu_order":0,"comment_status":"closed","ping_status":"closed","template":"","meta":{"_monsterinsights_skip_tracking":false,"_monsterinsights_sitenote_active":false,"_monsterinsights_sitenote_note":"","_monsterinsights_sitenote_category":0,"footnotes":""},"class_list":["post-3462","page","type-page","status-publish","hentry"],"yoast_head":"<!-- This site is optimized with the Yoast SEO plugin v23.4 - https:\/\/yoast.com\/wordpress\/plugins\/seo\/ -->\n<title>Viano\u010dn\u00fd les - Z\u00edskali sme \u0160peci\u00e1lne ocenenie IKEA za origin\u00e1lne vytvoren\u00e9 ozdoby - Z\u00e1kladn\u00e1 Umeleck\u00e1 \u0160kola Exn\u00e1rova 6<\/title>\n<meta name=\"robots\" content=\"index, follow, max-snippet:-1, max-image-preview:large, max-video-preview:-1\" \/>\n<link rel=\"canonical\" href=\"https:\/\/www.zus-exnarova.sk\/1234\/venujte-nam-60-sekund-a-dajte-hlas-nasmu-stromceku-c-14-dakujeme\/\" \/>\n<meta property=\"og:locale\" content=\"en_US\" \/>\n<meta property=\"og:type\" content=\"article\" \/>\n<meta property=\"og:title\" content=\"Viano\u010dn\u00fd les - Z\u00edskali sme \u0160peci\u00e1lne ocenenie IKEA za origin\u00e1lne vytvoren\u00e9 ozdoby - Z\u00e1kladn\u00e1 Umeleck\u00e1 \u0160kola Exn\u00e1rova 6\" \/>\n<meta property=\"og:description\" content=\"Blaho\u017eel\u00e1me na\u0161im \u017eiakom z V\u00fdtvarn\u00e9ho odboruV 9. ro\u010dn\u00edku projektu Viano\u010dn\u00fd les &#8211; s\u00fa\u0165a\u017e o naj\u010darovnej\u0161ie ozdoben\u00fd strom\u010dek z\u00edskali \u0160peci\u00e1lne ocenenie IKEA za origin\u00e1lne vytvoren\u00e9 ozdoby Blaho\u017eel\u00e1me aj pani u\u010dite\u013ek\u00e1m a \u010fakujeme za spolupr\u00e1cu\" \/>\n<meta property=\"og:url\" content=\"https:\/\/www.zus-exnarova.sk\/1234\/venujte-nam-60-sekund-a-dajte-hlas-nasmu-stromceku-c-14-dakujeme\/\" \/>\n<meta property=\"og:site_name\" content=\"Z\u00e1kladn\u00e1 Umeleck\u00e1 \u0160kola Exn\u00e1rova 6\" \/>\n<meta property=\"article:modified_time\" content=\"2025-12-19T13:54:25+00:00\" \/>\n<meta property=\"og:image\" content=\"https:\/\/static.xx.fbcdn.net\/images\/emoji.php\/v9\/t2\/1\/16\/1f60d.png\" \/>\n<meta name=\"twitter:card\" content=\"summary_large_image\" \/>\n<meta name=\"twitter:label1\" content=\"Est. reading time\" \/>\n\t<meta name=\"twitter:data1\" content=\"6 minutes\" \/>\n<script type=\"application\/ld+json\" class=\"yoast-schema-graph\">{\"@context\":\"https:\/\/schema.org\",\"@graph\":[{\"@type\":\"WebPage\",\"@id\":\"https:\/\/www.zus-exnarova.sk\/1234\/venujte-nam-60-sekund-a-dajte-hlas-nasmu-stromceku-c-14-dakujeme\/\",\"url\":\"https:\/\/www.zus-exnarova.sk\/1234\/venujte-nam-60-sekund-a-dajte-hlas-nasmu-stromceku-c-14-dakujeme\/\",\"name\":\"Viano\u010dn\u00fd les - Z\u00edskali sme \u0160peci\u00e1lne ocenenie IKEA za origin\u00e1lne vytvoren\u00e9 ozdoby - Z\u00e1kladn\u00e1 Umeleck\u00e1 \u0160kola Exn\u00e1rova 6\",\"isPartOf\":{\"@id\":\"https:\/\/www.zus-exnarova.sk\/1234\/#website\"},\"primaryImageOfPage\":{\"@id\":\"https:\/\/www.zus-exnarova.sk\/1234\/venujte-nam-60-sekund-a-dajte-hlas-nasmu-stromceku-c-14-dakujeme\/#primaryimage\"},\"image\":{\"@id\":\"https:\/\/www.zus-exnarova.sk\/1234\/venujte-nam-60-sekund-a-dajte-hlas-nasmu-stromceku-c-14-dakujeme\/#primaryimage\"},\"thumbnailUrl\":\"https:\/\/static.xx.fbcdn.net\/images\/emoji.php\/v9\/t2\/1\/16\/1f60d.png\",\"datePublished\":\"2025-12-03T06:12:56+00:00\",\"dateModified\":\"2025-12-19T13:54:25+00:00\",\"breadcrumb\":{\"@id\":\"https:\/\/www.zus-exnarova.sk\/1234\/venujte-nam-60-sekund-a-dajte-hlas-nasmu-stromceku-c-14-dakujeme\/#breadcrumb\"},\"inLanguage\":\"en-US\",\"potentialAction\":[{\"@type\":\"ReadAction\",\"target\":[\"https:\/\/www.zus-exnarova.sk\/1234\/venujte-nam-60-sekund-a-dajte-hlas-nasmu-stromceku-c-14-dakujeme\/\"]}]},{\"@type\":\"ImageObject\",\"inLanguage\":\"en-US\",\"@id\":\"https:\/\/www.zus-exnarova.sk\/1234\/venujte-nam-60-sekund-a-dajte-hlas-nasmu-stromceku-c-14-dakujeme\/#primaryimage\",\"url\":\"https:\/\/static.xx.fbcdn.net\/images\/emoji.php\/v9\/t2\/1\/16\/1f60d.png\",\"contentUrl\":\"https:\/\/static.xx.fbcdn.net\/images\/emoji.php\/v9\/t2\/1\/16\/1f60d.png\"},{\"@type\":\"BreadcrumbList\",\"@id\":\"https:\/\/www.zus-exnarova.sk\/1234\/venujte-nam-60-sekund-a-dajte-hlas-nasmu-stromceku-c-14-dakujeme\/#breadcrumb\",\"itemListElement\":[{\"@type\":\"ListItem\",\"position\":1,\"name\":\"Home\",\"item\":\"https:\/\/www.zus-exnarova.sk\/1234\/\"},{\"@type\":\"ListItem\",\"position\":2,\"name\":\"Viano\u010dn\u00fd les &#8211; Z\u00edskali sme \u0160peci\u00e1lne ocenenie IKEA za origin\u00e1lne vytvoren\u00e9 ozdoby\"}]},{\"@type\":\"WebSite\",\"@id\":\"https:\/\/www.zus-exnarova.sk\/1234\/#website\",\"url\":\"https:\/\/www.zus-exnarova.sk\/1234\/\",\"name\":\"Z\u00e1kladn\u00e1 Umeleck\u00e1 \u0160kola Exn\u00e1rova 6\",\"description\":\"\",\"potentialAction\":[{\"@type\":\"SearchAction\",\"target\":{\"@type\":\"EntryPoint\",\"urlTemplate\":\"https:\/\/www.zus-exnarova.sk\/1234\/?s={search_term_string}\"},\"query-input\":{\"@type\":\"PropertyValueSpecification\",\"valueRequired\":true,\"valueName\":\"search_term_string\"}}],\"inLanguage\":\"en-US\"}]}<\/script>\n<!-- \/ Yoast SEO plugin. -->","yoast_head_json":{"title":"Viano\u010dn\u00fd les - Z\u00edskali sme \u0160peci\u00e1lne ocenenie IKEA za origin\u00e1lne vytvoren\u00e9 ozdoby - Z\u00e1kladn\u00e1 Umeleck\u00e1 \u0160kola Exn\u00e1rova 6","robots":{"index":"index","follow":"follow","max-snippet":"max-snippet:-1","max-image-preview":"max-image-preview:large","max-video-preview":"max-video-preview:-1"},"canonical":"https:\/\/www.zus-exnarova.sk\/1234\/venujte-nam-60-sekund-a-dajte-hlas-nasmu-stromceku-c-14-dakujeme\/","og_locale":"en_US","og_type":"article","og_title":"Viano\u010dn\u00fd les - Z\u00edskali sme \u0160peci\u00e1lne ocenenie IKEA za origin\u00e1lne vytvoren\u00e9 ozdoby - Z\u00e1kladn\u00e1 Umeleck\u00e1 \u0160kola Exn\u00e1rova 6","og_description":"Blaho\u017eel\u00e1me na\u0161im \u017eiakom z V\u00fdtvarn\u00e9ho odboruV 9. ro\u010dn\u00edku projektu Viano\u010dn\u00fd les &#8211; s\u00fa\u0165a\u017e o naj\u010darovnej\u0161ie ozdoben\u00fd strom\u010dek z\u00edskali \u0160peci\u00e1lne ocenenie IKEA za origin\u00e1lne vytvoren\u00e9 ozdoby Blaho\u017eel\u00e1me aj pani u\u010dite\u013ek\u00e1m a \u010fakujeme za spolupr\u00e1cu","og_url":"https:\/\/www.zus-exnarova.sk\/1234\/venujte-nam-60-sekund-a-dajte-hlas-nasmu-stromceku-c-14-dakujeme\/","og_site_name":"Z\u00e1kladn\u00e1 Umeleck\u00e1 \u0160kola Exn\u00e1rova 6","article_modified_time":"2025-12-19T13:54:25+00:00","og_image":[{"url":"https:\/\/static.xx.fbcdn.net\/images\/emoji.php\/v9\/t2\/1\/16\/1f60d.png"}],"twitter_card":"summary_large_image","twitter_misc":{"Est. reading time":"6 minutes"},"schema":{"@context":"https:\/\/schema.org","@graph":[{"@type":"WebPage","@id":"https:\/\/www.zus-exnarova.sk\/1234\/venujte-nam-60-sekund-a-dajte-hlas-nasmu-stromceku-c-14-dakujeme\/","url":"https:\/\/www.zus-exnarova.sk\/1234\/venujte-nam-60-sekund-a-dajte-hlas-nasmu-stromceku-c-14-dakujeme\/","name":"Viano\u010dn\u00fd les - Z\u00edskali sme \u0160peci\u00e1lne ocenenie IKEA za origin\u00e1lne vytvoren\u00e9 ozdoby - Z\u00e1kladn\u00e1 Umeleck\u00e1 \u0160kola Exn\u00e1rova 6","isPartOf":{"@id":"https:\/\/www.zus-exnarova.sk\/1234\/#website"},"primaryImageOfPage":{"@id":"https:\/\/www.zus-exnarova.sk\/1234\/venujte-nam-60-sekund-a-dajte-hlas-nasmu-stromceku-c-14-dakujeme\/#primaryimage"},"image":{"@id":"https:\/\/www.zus-exnarova.sk\/1234\/venujte-nam-60-sekund-a-dajte-hlas-nasmu-stromceku-c-14-dakujeme\/#primaryimage"},"thumbnailUrl":"https:\/\/static.xx.fbcdn.net\/images\/emoji.php\/v9\/t2\/1\/16\/1f60d.png","datePublished":"2025-12-03T06:12:56+00:00","dateModified":"2025-12-19T13:54:25+00:00","breadcrumb":{"@id":"https:\/\/www.zus-exnarova.sk\/1234\/venujte-nam-60-sekund-a-dajte-hlas-nasmu-stromceku-c-14-dakujeme\/#breadcrumb"},"inLanguage":"en-US","potentialAction":[{"@type":"ReadAction","target":["https:\/\/www.zus-exnarova.sk\/1234\/venujte-nam-60-sekund-a-dajte-hlas-nasmu-stromceku-c-14-dakujeme\/"]}]},{"@type":"ImageObject","inLanguage":"en-US","@id":"https:\/\/www.zus-exnarova.sk\/1234\/venujte-nam-60-sekund-a-dajte-hlas-nasmu-stromceku-c-14-dakujeme\/#primaryimage","url":"https:\/\/static.xx.fbcdn.net\/images\/emoji.php\/v9\/t2\/1\/16\/1f60d.png","contentUrl":"https:\/\/static.xx.fbcdn.net\/images\/emoji.php\/v9\/t2\/1\/16\/1f60d.png"},{"@type":"BreadcrumbList","@id":"https:\/\/www.zus-exnarova.sk\/1234\/venujte-nam-60-sekund-a-dajte-hlas-nasmu-stromceku-c-14-dakujeme\/#breadcrumb","itemListElement":[{"@type":"ListItem","position":1,"name":"Home","item":"https:\/\/www.zus-exnarova.sk\/1234\/"},{"@type":"ListItem","position":2,"name":"Viano\u010dn\u00fd les &#8211; Z\u00edskali sme \u0160peci\u00e1lne ocenenie IKEA za origin\u00e1lne vytvoren\u00e9 ozdoby"}]},{"@type":"WebSite","@id":"https:\/\/www.zus-exnarova.sk\/1234\/#website","url":"https:\/\/www.zus-exnarova.sk\/1234\/","name":"Z\u00e1kladn\u00e1 Umeleck\u00e1 \u0160kola Exn\u00e1rova 6","description":"","potentialAction":[{"@type":"SearchAction","target":{"@type":"EntryPoint","urlTemplate":"https:\/\/www.zus-exnarova.sk\/1234\/?s={search_term_string}"},"query-input":{"@type":"PropertyValueSpecification","valueRequired":true,"valueName":"search_term_string"}}],"inLanguage":"en-US"}]}},"_links":{"self":[{"href":"https:\/\/www.zus-exnarova.sk\/1234\/wp-json\/wp\/v2\/pages\/3462"}],"collection":[{"href":"https:\/\/www.zus-exnarova.sk\/1234\/wp-json\/wp\/v2\/pages"}],"about":[{"href":"https:\/\/www.zus-exnarova.sk\/1234\/wp-json\/wp\/v2\/types\/page"}],"author":[{"embeddable":true,"href":"https:\/\/www.zus-exnarova.sk\/1234\/wp-json\/wp\/v2\/users\/2"}],"replies":[{"embeddable":true,"href":"https:\/\/www.zus-exnarova.sk\/1234\/wp-json\/wp\/v2\/comments?post=3462"}],"version-history":[{"count":4,"href":"https:\/\/www.zus-exnarova.sk\/1234\/wp-json\/wp\/v2\/pages\/3462\/revisions"}],"predecessor-version":[{"id":3608,"href":"https:\/\/www.zus-exnarova.sk\/1234\/wp-json\/wp\/v2\/pages\/3462\/revisions\/3608"}],"wp:attachment":[{"href":"https:\/\/www.zus-exnarova.sk\/1234\/wp-json\/wp\/v2\/media?parent=3462"}],"curies":[{"name":"wp","href":"https:\/\/api.w.org\/{rel}","templated":true}]}}