{"id":3485,"date":"2025-12-03T07:31:52","date_gmt":"2025-12-03T06:31:52","guid":{"rendered":"https:\/\/www.zus-exnarova.sk\/1234\/?page_id=3485"},"modified":"2025-12-03T07:31:52","modified_gmt":"2025-12-03T06:31:52","slug":"divadelne-piatky-pre-skoly","status":"publish","type":"page","link":"https:\/\/www.zus-exnarova.sk\/1234\/divadelne-piatky-pre-skoly\/","title":{"rendered":"Divadeln\u00e9 piatky pre \u0161koly"},"content":{"rendered":"\n<p><\/p>\n\n\n\n<p><\/p>\n\n\n\n<p>Z\u00e1kladn\u00e1 umeleck\u00e1 \u0161kola Exn\u00e1rova 6 v spolupr\u00e1ci s DK Ru\u017einov pripravili pre \u017eiakov 2. \u2013 6. ro\u010dn\u00edka Z\u0160 s\u00e9riu divadeln\u00fdch predstaven\u00ed v r\u00e1mci projektu Divadeln\u00e9 piatky pre \u0161koly. <br>Ver\u00edme, \u017ee sc\u00e9nick\u00e9 spracovanie povinn\u00e9ho \u010d\u00edtania prinesie \u017eiakom p\u00fatav\u00e9 a z\u00e1\u017eitkov\u00e9 vzdel\u00e1vanie.<\/p>\n\n\n\n<p><\/p>\n\n\n\n<p>Vstup je bezodplatn\u00fd, s dobrovo\u013en\u00fdm pr\u00edspevkom 2 \u20ac na \u017eiaka.<\/p>\n\n\n\n<p><\/p>\n\n\n\n<p>Rezerv\u00e1cie: <a href=\"https:\/\/sites.google.com\/view\/info-exncompany\/domov?fbclid=IwZXh0bgNhZW0CMTAAYnJpZBEwQWRLbHhRQzFZTkFKblJOS3NydGMGYXBwX2lkEDIyMjAzOTE3ODgyMDA4OTIAAR517E48DIk6esLlZbgwG3SaOIe_c4LLtBsC8nOJW5P5Qzd0Eybfs31Bhh6Nug_aem_8zBboURV1yjOUAKaxa5QJw\" rel=\"noreferrer noopener\" target=\"_blank\">https:\/\/sites.google.com\/view\/info-exncompany\/domov<\/a><\/p>\n\n\n\n<p>Kontakt: info.exncompany@gmail.com<\/p>\n\n\n\n<p><\/p>\n\n\n\n<figure class=\"wp-block-gallery has-nested-images columns-default is-cropped wp-block-gallery-1 is-layout-flex wp-block-gallery-is-layout-flex\">\n<figure class=\"wp-block-image size-large\"><img fetchpriority=\"high\" decoding=\"async\" width=\"681\" height=\"1024\" data-id=\"3487\" src=\"https:\/\/www.zus-exnarova.sk\/1234\/wp-content\/uploads\/2025\/12\/IMG_5359-681x1024.jpg\" alt=\"\" class=\"wp-image-3487\" srcset=\"https:\/\/www.zus-exnarova.sk\/1234\/wp-content\/uploads\/2025\/12\/IMG_5359-681x1024.jpg 681w, https:\/\/www.zus-exnarova.sk\/1234\/wp-content\/uploads\/2025\/12\/IMG_5359-200x300.jpg 200w, https:\/\/www.zus-exnarova.sk\/1234\/wp-content\/uploads\/2025\/12\/IMG_5359-768x1155.jpg 768w, https:\/\/www.zus-exnarova.sk\/1234\/wp-content\/uploads\/2025\/12\/IMG_5359-1021x1536.jpg 1021w, https:\/\/www.zus-exnarova.sk\/1234\/wp-content\/uploads\/2025\/12\/IMG_5359.jpg 1064w\" sizes=\"(max-width: 681px) 100vw, 681px\" \/><\/figure>\n\n\n\n<figure class=\"wp-block-image size-large\"><img decoding=\"async\" width=\"1024\" height=\"682\" data-id=\"3488\" src=\"https:\/\/www.zus-exnarova.sk\/1234\/wp-content\/uploads\/2025\/12\/PHOTO-2025-12-01-09-41-16_1-1024x682.jpg\" alt=\"\" class=\"wp-image-3488\" srcset=\"https:\/\/www.zus-exnarova.sk\/1234\/wp-content\/uploads\/2025\/12\/PHOTO-2025-12-01-09-41-16_1-1024x682.jpg 1024w, https:\/\/www.zus-exnarova.sk\/1234\/wp-content\/uploads\/2025\/12\/PHOTO-2025-12-01-09-41-16_1-300x200.jpg 300w, https:\/\/www.zus-exnarova.sk\/1234\/wp-content\/uploads\/2025\/12\/PHOTO-2025-12-01-09-41-16_1-768x512.jpg 768w, https:\/\/www.zus-exnarova.sk\/1234\/wp-content\/uploads\/2025\/12\/PHOTO-2025-12-01-09-41-16_1-1536x1023.jpg 1536w, https:\/\/www.zus-exnarova.sk\/1234\/wp-content\/uploads\/2025\/12\/PHOTO-2025-12-01-09-41-16_1.jpg 1600w\" sizes=\"(max-width: 1024px) 100vw, 1024px\" \/><\/figure>\n\n\n\n<figure class=\"wp-block-image size-large\"><img decoding=\"async\" width=\"1024\" height=\"681\" data-id=\"3495\" src=\"https:\/\/www.zus-exnarova.sk\/1234\/wp-content\/uploads\/2025\/12\/PHOTO-2025-12-01-09-41-16_4-1024x681.jpg\" alt=\"\" class=\"wp-image-3495\" srcset=\"https:\/\/www.zus-exnarova.sk\/1234\/wp-content\/uploads\/2025\/12\/PHOTO-2025-12-01-09-41-16_4-1024x681.jpg 1024w, https:\/\/www.zus-exnarova.sk\/1234\/wp-content\/uploads\/2025\/12\/PHOTO-2025-12-01-09-41-16_4-300x200.jpg 300w, https:\/\/www.zus-exnarova.sk\/1234\/wp-content\/uploads\/2025\/12\/PHOTO-2025-12-01-09-41-16_4-768x511.jpg 768w, https:\/\/www.zus-exnarova.sk\/1234\/wp-content\/uploads\/2025\/12\/PHOTO-2025-12-01-09-41-16_4-1536x1021.jpg 1536w, https:\/\/www.zus-exnarova.sk\/1234\/wp-content\/uploads\/2025\/12\/PHOTO-2025-12-01-09-41-16_4.jpg 1600w\" sizes=\"(max-width: 1024px) 100vw, 1024px\" \/><\/figure>\n\n\n\n<figure class=\"wp-block-image size-large\"><img loading=\"lazy\" decoding=\"async\" width=\"682\" height=\"1024\" data-id=\"3489\" src=\"https:\/\/www.zus-exnarova.sk\/1234\/wp-content\/uploads\/2025\/12\/PHOTO-2025-12-01-09-41-16_8-682x1024.jpg\" alt=\"\" class=\"wp-image-3489\" srcset=\"https:\/\/www.zus-exnarova.sk\/1234\/wp-content\/uploads\/2025\/12\/PHOTO-2025-12-01-09-41-16_8-682x1024.jpg 682w, https:\/\/www.zus-exnarova.sk\/1234\/wp-content\/uploads\/2025\/12\/PHOTO-2025-12-01-09-41-16_8-200x300.jpg 200w, https:\/\/www.zus-exnarova.sk\/1234\/wp-content\/uploads\/2025\/12\/PHOTO-2025-12-01-09-41-16_8-768x1153.jpg 768w, https:\/\/www.zus-exnarova.sk\/1234\/wp-content\/uploads\/2025\/12\/PHOTO-2025-12-01-09-41-16_8-1023x1536.jpg 1023w, https:\/\/www.zus-exnarova.sk\/1234\/wp-content\/uploads\/2025\/12\/PHOTO-2025-12-01-09-41-16_8.jpg 1066w\" sizes=\"(max-width: 682px) 100vw, 682px\" \/><\/figure>\n\n\n\n<figure class=\"wp-block-image size-large\"><img loading=\"lazy\" decoding=\"async\" width=\"1024\" height=\"681\" data-id=\"3490\" src=\"https:\/\/www.zus-exnarova.sk\/1234\/wp-content\/uploads\/2025\/12\/PHOTO-2025-12-01-09-41-17_2-1024x681.jpg\" alt=\"\" class=\"wp-image-3490\" srcset=\"https:\/\/www.zus-exnarova.sk\/1234\/wp-content\/uploads\/2025\/12\/PHOTO-2025-12-01-09-41-17_2-1024x681.jpg 1024w, https:\/\/www.zus-exnarova.sk\/1234\/wp-content\/uploads\/2025\/12\/PHOTO-2025-12-01-09-41-17_2-300x200.jpg 300w, https:\/\/www.zus-exnarova.sk\/1234\/wp-content\/uploads\/2025\/12\/PHOTO-2025-12-01-09-41-17_2-768x511.jpg 768w, https:\/\/www.zus-exnarova.sk\/1234\/wp-content\/uploads\/2025\/12\/PHOTO-2025-12-01-09-41-17_2-1536x1021.jpg 1536w, https:\/\/www.zus-exnarova.sk\/1234\/wp-content\/uploads\/2025\/12\/PHOTO-2025-12-01-09-41-17_2.jpg 1600w\" sizes=\"(max-width: 1024px) 100vw, 1024px\" \/><\/figure>\n\n\n\n<figure class=\"wp-block-image size-large\"><img loading=\"lazy\" decoding=\"async\" width=\"819\" height=\"1024\" data-id=\"3493\" src=\"https:\/\/www.zus-exnarova.sk\/1234\/wp-content\/uploads\/2025\/12\/PHOTO-2025-12-01-09-41-17_3-819x1024.jpg\" alt=\"\" class=\"wp-image-3493\" srcset=\"https:\/\/www.zus-exnarova.sk\/1234\/wp-content\/uploads\/2025\/12\/PHOTO-2025-12-01-09-41-17_3-819x1024.jpg 819w, https:\/\/www.zus-exnarova.sk\/1234\/wp-content\/uploads\/2025\/12\/PHOTO-2025-12-01-09-41-17_3-240x300.jpg 240w, https:\/\/www.zus-exnarova.sk\/1234\/wp-content\/uploads\/2025\/12\/PHOTO-2025-12-01-09-41-17_3-768x960.jpg 768w, https:\/\/www.zus-exnarova.sk\/1234\/wp-content\/uploads\/2025\/12\/PHOTO-2025-12-01-09-41-17_3-1229x1536.jpg 1229w, https:\/\/www.zus-exnarova.sk\/1234\/wp-content\/uploads\/2025\/12\/PHOTO-2025-12-01-09-41-17_3.jpg 1280w\" sizes=\"(max-width: 819px) 100vw, 819px\" \/><\/figure>\n\n\n\n<figure class=\"wp-block-image size-large\"><img loading=\"lazy\" decoding=\"async\" width=\"1024\" height=\"681\" data-id=\"3491\" src=\"https:\/\/www.zus-exnarova.sk\/1234\/wp-content\/uploads\/2025\/12\/PHOTO-2025-12-01-09-41-17_6-1024x681.jpg\" alt=\"\" class=\"wp-image-3491\" srcset=\"https:\/\/www.zus-exnarova.sk\/1234\/wp-content\/uploads\/2025\/12\/PHOTO-2025-12-01-09-41-17_6-1024x681.jpg 1024w, https:\/\/www.zus-exnarova.sk\/1234\/wp-content\/uploads\/2025\/12\/PHOTO-2025-12-01-09-41-17_6-300x200.jpg 300w, https:\/\/www.zus-exnarova.sk\/1234\/wp-content\/uploads\/2025\/12\/PHOTO-2025-12-01-09-41-17_6-768x511.jpg 768w, https:\/\/www.zus-exnarova.sk\/1234\/wp-content\/uploads\/2025\/12\/PHOTO-2025-12-01-09-41-17_6-1536x1021.jpg 1536w, https:\/\/www.zus-exnarova.sk\/1234\/wp-content\/uploads\/2025\/12\/PHOTO-2025-12-01-09-41-17_6.jpg 1600w\" sizes=\"(max-width: 1024px) 100vw, 1024px\" \/><\/figure>\n\n\n\n<figure class=\"wp-block-image size-large\"><img loading=\"lazy\" decoding=\"async\" width=\"819\" height=\"1024\" data-id=\"3498\" src=\"https:\/\/www.zus-exnarova.sk\/1234\/wp-content\/uploads\/2025\/12\/PHOTO-2025-12-01-09-41-18_2-819x1024.jpg\" alt=\"\" class=\"wp-image-3498\" srcset=\"https:\/\/www.zus-exnarova.sk\/1234\/wp-content\/uploads\/2025\/12\/PHOTO-2025-12-01-09-41-18_2-819x1024.jpg 819w, https:\/\/www.zus-exnarova.sk\/1234\/wp-content\/uploads\/2025\/12\/PHOTO-2025-12-01-09-41-18_2-240x300.jpg 240w, https:\/\/www.zus-exnarova.sk\/1234\/wp-content\/uploads\/2025\/12\/PHOTO-2025-12-01-09-41-18_2-768x960.jpg 768w, https:\/\/www.zus-exnarova.sk\/1234\/wp-content\/uploads\/2025\/12\/PHOTO-2025-12-01-09-41-18_2-1229x1536.jpg 1229w, https:\/\/www.zus-exnarova.sk\/1234\/wp-content\/uploads\/2025\/12\/PHOTO-2025-12-01-09-41-18_2.jpg 1280w\" sizes=\"(max-width: 819px) 100vw, 819px\" \/><\/figure>\n\n\n\n<figure class=\"wp-block-image size-large\"><img loading=\"lazy\" decoding=\"async\" width=\"819\" height=\"1024\" data-id=\"3497\" src=\"https:\/\/www.zus-exnarova.sk\/1234\/wp-content\/uploads\/2025\/12\/PHOTO-2025-12-01-09-41-18_4-819x1024.jpg\" alt=\"\" class=\"wp-image-3497\" srcset=\"https:\/\/www.zus-exnarova.sk\/1234\/wp-content\/uploads\/2025\/12\/PHOTO-2025-12-01-09-41-18_4-819x1024.jpg 819w, https:\/\/www.zus-exnarova.sk\/1234\/wp-content\/uploads\/2025\/12\/PHOTO-2025-12-01-09-41-18_4-240x300.jpg 240w, https:\/\/www.zus-exnarova.sk\/1234\/wp-content\/uploads\/2025\/12\/PHOTO-2025-12-01-09-41-18_4-768x960.jpg 768w, https:\/\/www.zus-exnarova.sk\/1234\/wp-content\/uploads\/2025\/12\/PHOTO-2025-12-01-09-41-18_4-1229x1536.jpg 1229w, https:\/\/www.zus-exnarova.sk\/1234\/wp-content\/uploads\/2025\/12\/PHOTO-2025-12-01-09-41-18_4.jpg 1280w\" sizes=\"(max-width: 819px) 100vw, 819px\" \/><\/figure>\n\n\n\n<figure class=\"wp-block-image size-large\"><img loading=\"lazy\" decoding=\"async\" width=\"819\" height=\"1024\" data-id=\"3496\" src=\"https:\/\/www.zus-exnarova.sk\/1234\/wp-content\/uploads\/2025\/12\/PHOTO-2025-12-01-09-41-19-819x1024.jpg\" alt=\"\" class=\"wp-image-3496\" srcset=\"https:\/\/www.zus-exnarova.sk\/1234\/wp-content\/uploads\/2025\/12\/PHOTO-2025-12-01-09-41-19-819x1024.jpg 819w, https:\/\/www.zus-exnarova.sk\/1234\/wp-content\/uploads\/2025\/12\/PHOTO-2025-12-01-09-41-19-240x300.jpg 240w, https:\/\/www.zus-exnarova.sk\/1234\/wp-content\/uploads\/2025\/12\/PHOTO-2025-12-01-09-41-19-768x960.jpg 768w, https:\/\/www.zus-exnarova.sk\/1234\/wp-content\/uploads\/2025\/12\/PHOTO-2025-12-01-09-41-19-1229x1536.jpg 1229w, https:\/\/www.zus-exnarova.sk\/1234\/wp-content\/uploads\/2025\/12\/PHOTO-2025-12-01-09-41-19.jpg 1280w\" sizes=\"(max-width: 819px) 100vw, 819px\" \/><\/figure>\n\n\n\n<figure class=\"wp-block-image size-large\"><img loading=\"lazy\" decoding=\"async\" width=\"681\" height=\"1024\" data-id=\"3499\" src=\"https:\/\/www.zus-exnarova.sk\/1234\/wp-content\/uploads\/2025\/12\/PHOTO-2025-12-01-09-41-17_7-681x1024.jpg\" alt=\"\" class=\"wp-image-3499\" srcset=\"https:\/\/www.zus-exnarova.sk\/1234\/wp-content\/uploads\/2025\/12\/PHOTO-2025-12-01-09-41-17_7-681x1024.jpg 681w, https:\/\/www.zus-exnarova.sk\/1234\/wp-content\/uploads\/2025\/12\/PHOTO-2025-12-01-09-41-17_7-200x300.jpg 200w, https:\/\/www.zus-exnarova.sk\/1234\/wp-content\/uploads\/2025\/12\/PHOTO-2025-12-01-09-41-17_7-768x1155.jpg 768w, https:\/\/www.zus-exnarova.sk\/1234\/wp-content\/uploads\/2025\/12\/PHOTO-2025-12-01-09-41-17_7-1021x1536.jpg 1021w, https:\/\/www.zus-exnarova.sk\/1234\/wp-content\/uploads\/2025\/12\/PHOTO-2025-12-01-09-41-17_7.jpg 1064w\" sizes=\"(max-width: 681px) 100vw, 681px\" \/><\/figure>\n\n\n\n<figure class=\"wp-block-image size-large\"><img loading=\"lazy\" decoding=\"async\" width=\"1024\" height=\"681\" data-id=\"3500\" src=\"https:\/\/www.zus-exnarova.sk\/1234\/wp-content\/uploads\/2025\/12\/PHOTO-2025-12-01-09-41-19_4-1024x681.jpg\" alt=\"\" class=\"wp-image-3500\" srcset=\"https:\/\/www.zus-exnarova.sk\/1234\/wp-content\/uploads\/2025\/12\/PHOTO-2025-12-01-09-41-19_4-1024x681.jpg 1024w, https:\/\/www.zus-exnarova.sk\/1234\/wp-content\/uploads\/2025\/12\/PHOTO-2025-12-01-09-41-19_4-300x200.jpg 300w, https:\/\/www.zus-exnarova.sk\/1234\/wp-content\/uploads\/2025\/12\/PHOTO-2025-12-01-09-41-19_4-768x511.jpg 768w, https:\/\/www.zus-exnarova.sk\/1234\/wp-content\/uploads\/2025\/12\/PHOTO-2025-12-01-09-41-19_4-1536x1021.jpg 1536w, https:\/\/www.zus-exnarova.sk\/1234\/wp-content\/uploads\/2025\/12\/PHOTO-2025-12-01-09-41-19_4.jpg 1600w\" sizes=\"(max-width: 1024px) 100vw, 1024px\" \/><\/figure>\n\n\n\n<figure class=\"wp-block-image size-large\"><img loading=\"lazy\" decoding=\"async\" width=\"1024\" height=\"681\" data-id=\"3501\" src=\"https:\/\/www.zus-exnarova.sk\/1234\/wp-content\/uploads\/2025\/12\/IMG_5371-1024x681.jpg\" alt=\"\" class=\"wp-image-3501\" srcset=\"https:\/\/www.zus-exnarova.sk\/1234\/wp-content\/uploads\/2025\/12\/IMG_5371-1024x681.jpg 1024w, https:\/\/www.zus-exnarova.sk\/1234\/wp-content\/uploads\/2025\/12\/IMG_5371-300x200.jpg 300w, https:\/\/www.zus-exnarova.sk\/1234\/wp-content\/uploads\/2025\/12\/IMG_5371-768x511.jpg 768w, https:\/\/www.zus-exnarova.sk\/1234\/wp-content\/uploads\/2025\/12\/IMG_5371-1536x1021.jpg 1536w, https:\/\/www.zus-exnarova.sk\/1234\/wp-content\/uploads\/2025\/12\/IMG_5371.jpg 1600w\" sizes=\"(max-width: 1024px) 100vw, 1024px\" \/><\/figure>\n\n\n\n<figure class=\"wp-block-image size-large\"><img loading=\"lazy\" decoding=\"async\" width=\"681\" height=\"1024\" data-id=\"3503\" src=\"https:\/\/www.zus-exnarova.sk\/1234\/wp-content\/uploads\/2025\/12\/PHOTO-2025-12-01-09-41-20_2-681x1024.jpg\" alt=\"\" class=\"wp-image-3503\" srcset=\"https:\/\/www.zus-exnarova.sk\/1234\/wp-content\/uploads\/2025\/12\/PHOTO-2025-12-01-09-41-20_2-681x1024.jpg 681w, https:\/\/www.zus-exnarova.sk\/1234\/wp-content\/uploads\/2025\/12\/PHOTO-2025-12-01-09-41-20_2-200x300.jpg 200w, https:\/\/www.zus-exnarova.sk\/1234\/wp-content\/uploads\/2025\/12\/PHOTO-2025-12-01-09-41-20_2-768x1155.jpg 768w, https:\/\/www.zus-exnarova.sk\/1234\/wp-content\/uploads\/2025\/12\/PHOTO-2025-12-01-09-41-20_2-1021x1536.jpg 1021w, https:\/\/www.zus-exnarova.sk\/1234\/wp-content\/uploads\/2025\/12\/PHOTO-2025-12-01-09-41-20_2.jpg 1064w\" sizes=\"(max-width: 681px) 100vw, 681px\" \/><\/figure>\n\n\n\n<figure class=\"wp-block-image size-large\"><img loading=\"lazy\" decoding=\"async\" width=\"1024\" height=\"681\" data-id=\"3504\" src=\"https:\/\/www.zus-exnarova.sk\/1234\/wp-content\/uploads\/2025\/12\/PHOTO-2025-12-01-09-41-19_1-1024x681.jpg\" alt=\"\" class=\"wp-image-3504\" srcset=\"https:\/\/www.zus-exnarova.sk\/1234\/wp-content\/uploads\/2025\/12\/PHOTO-2025-12-01-09-41-19_1-1024x681.jpg 1024w, https:\/\/www.zus-exnarova.sk\/1234\/wp-content\/uploads\/2025\/12\/PHOTO-2025-12-01-09-41-19_1-300x200.jpg 300w, https:\/\/www.zus-exnarova.sk\/1234\/wp-content\/uploads\/2025\/12\/PHOTO-2025-12-01-09-41-19_1-768x511.jpg 768w, https:\/\/www.zus-exnarova.sk\/1234\/wp-content\/uploads\/2025\/12\/PHOTO-2025-12-01-09-41-19_1-1536x1021.jpg 1536w, https:\/\/www.zus-exnarova.sk\/1234\/wp-content\/uploads\/2025\/12\/PHOTO-2025-12-01-09-41-19_1.jpg 1600w\" sizes=\"(max-width: 1024px) 100vw, 1024px\" \/><\/figure>\n<\/figure>\n\n\n\n<p><\/p>\n\n\n\n<p><\/p>\n","protected":false},"excerpt":{"rendered":"<p>Z\u00e1kladn\u00e1 umeleck\u00e1 \u0161kola Exn\u00e1rova 6 v spolupr\u00e1ci s DK Ru\u017einov pripravili pre \u017eiakov 2. \u2013 6. ro\u010dn\u00edka Z\u0160 s\u00e9riu divadeln\u00fdch predstaven\u00ed v r\u00e1mci projektu Divadeln\u00e9 piatky pre \u0161koly. Ver\u00edme, \u017ee sc\u00e9nick\u00e9 spracovanie povinn\u00e9ho \u010d\u00edtania prinesie \u017eiakom p\u00fatav\u00e9 a z\u00e1\u017eitkov\u00e9 vzdel\u00e1vanie. Vstup je bezodplatn\u00fd, s dobrovo\u013en\u00fdm pr\u00edspevkom 2 \u20ac na \u017eiaka. Rezerv\u00e1cie: https:\/\/sites.google.com\/view\/info-exncompany\/domov Kontakt: info.exncompany@gmail.com<\/p>\n","protected":false},"author":2,"featured_media":0,"parent":0,"menu_order":0,"comment_status":"closed","ping_status":"closed","template":"","meta":{"_monsterinsights_skip_tracking":false,"_monsterinsights_sitenote_active":false,"_monsterinsights_sitenote_note":"","_monsterinsights_sitenote_category":0,"footnotes":""},"class_list":["post-3485","page","type-page","status-publish","hentry"],"yoast_head":"<!-- This site is optimized with the Yoast SEO plugin v23.4 - https:\/\/yoast.com\/wordpress\/plugins\/seo\/ -->\n<title>Divadeln\u00e9 piatky pre \u0161koly - Z\u00e1kladn\u00e1 Umeleck\u00e1 \u0160kola Exn\u00e1rova 6<\/title>\n<meta name=\"robots\" content=\"index, follow, max-snippet:-1, max-image-preview:large, max-video-preview:-1\" \/>\n<link rel=\"canonical\" href=\"https:\/\/www.zus-exnarova.sk\/1234\/divadelne-piatky-pre-skoly\/\" \/>\n<meta property=\"og:locale\" content=\"en_US\" \/>\n<meta property=\"og:type\" content=\"article\" \/>\n<meta property=\"og:title\" content=\"Divadeln\u00e9 piatky pre \u0161koly - Z\u00e1kladn\u00e1 Umeleck\u00e1 \u0160kola Exn\u00e1rova 6\" \/>\n<meta property=\"og:description\" content=\"Z\u00e1kladn\u00e1 umeleck\u00e1 \u0161kola Exn\u00e1rova 6 v spolupr\u00e1ci s DK Ru\u017einov pripravili pre \u017eiakov 2. \u2013 6. ro\u010dn\u00edka Z\u0160 s\u00e9riu divadeln\u00fdch predstaven\u00ed v r\u00e1mci projektu Divadeln\u00e9 piatky pre \u0161koly. Ver\u00edme, \u017ee sc\u00e9nick\u00e9 spracovanie povinn\u00e9ho \u010d\u00edtania prinesie \u017eiakom p\u00fatav\u00e9 a z\u00e1\u017eitkov\u00e9 vzdel\u00e1vanie. Vstup je bezodplatn\u00fd, s dobrovo\u013en\u00fdm pr\u00edspevkom 2 \u20ac na \u017eiaka. Rezerv\u00e1cie: https:\/\/sites.google.com\/view\/info-exncompany\/domov Kontakt: info.exncompany@gmail.com\" \/>\n<meta property=\"og:url\" content=\"https:\/\/www.zus-exnarova.sk\/1234\/divadelne-piatky-pre-skoly\/\" \/>\n<meta property=\"og:site_name\" content=\"Z\u00e1kladn\u00e1 Umeleck\u00e1 \u0160kola Exn\u00e1rova 6\" \/>\n<meta property=\"og:image\" content=\"https:\/\/www.zus-exnarova.sk\/1234\/wp-content\/uploads\/2025\/12\/IMG_5359-681x1024.jpg\" \/>\n<meta name=\"twitter:card\" content=\"summary_large_image\" \/>\n<meta name=\"twitter:label1\" content=\"Est. reading time\" \/>\n\t<meta name=\"twitter:data1\" content=\"4 minutes\" \/>\n<script type=\"application\/ld+json\" class=\"yoast-schema-graph\">{\"@context\":\"https:\/\/schema.org\",\"@graph\":[{\"@type\":\"WebPage\",\"@id\":\"https:\/\/www.zus-exnarova.sk\/1234\/divadelne-piatky-pre-skoly\/\",\"url\":\"https:\/\/www.zus-exnarova.sk\/1234\/divadelne-piatky-pre-skoly\/\",\"name\":\"Divadeln\u00e9 piatky pre \u0161koly - Z\u00e1kladn\u00e1 Umeleck\u00e1 \u0160kola Exn\u00e1rova 6\",\"isPartOf\":{\"@id\":\"https:\/\/www.zus-exnarova.sk\/1234\/#website\"},\"primaryImageOfPage\":{\"@id\":\"https:\/\/www.zus-exnarova.sk\/1234\/divadelne-piatky-pre-skoly\/#primaryimage\"},\"image\":{\"@id\":\"https:\/\/www.zus-exnarova.sk\/1234\/divadelne-piatky-pre-skoly\/#primaryimage\"},\"thumbnailUrl\":\"https:\/\/www.zus-exnarova.sk\/1234\/wp-content\/uploads\/2025\/12\/IMG_5359-681x1024.jpg\",\"datePublished\":\"2025-12-03T06:31:52+00:00\",\"dateModified\":\"2025-12-03T06:31:52+00:00\",\"breadcrumb\":{\"@id\":\"https:\/\/www.zus-exnarova.sk\/1234\/divadelne-piatky-pre-skoly\/#breadcrumb\"},\"inLanguage\":\"en-US\",\"potentialAction\":[{\"@type\":\"ReadAction\",\"target\":[\"https:\/\/www.zus-exnarova.sk\/1234\/divadelne-piatky-pre-skoly\/\"]}]},{\"@type\":\"ImageObject\",\"inLanguage\":\"en-US\",\"@id\":\"https:\/\/www.zus-exnarova.sk\/1234\/divadelne-piatky-pre-skoly\/#primaryimage\",\"url\":\"https:\/\/www.zus-exnarova.sk\/1234\/wp-content\/uploads\/2025\/12\/IMG_5359.jpg\",\"contentUrl\":\"https:\/\/www.zus-exnarova.sk\/1234\/wp-content\/uploads\/2025\/12\/IMG_5359.jpg\",\"width\":1064,\"height\":1600},{\"@type\":\"BreadcrumbList\",\"@id\":\"https:\/\/www.zus-exnarova.sk\/1234\/divadelne-piatky-pre-skoly\/#breadcrumb\",\"itemListElement\":[{\"@type\":\"ListItem\",\"position\":1,\"name\":\"Home\",\"item\":\"https:\/\/www.zus-exnarova.sk\/1234\/\"},{\"@type\":\"ListItem\",\"position\":2,\"name\":\"Divadeln\u00e9 piatky pre \u0161koly\"}]},{\"@type\":\"WebSite\",\"@id\":\"https:\/\/www.zus-exnarova.sk\/1234\/#website\",\"url\":\"https:\/\/www.zus-exnarova.sk\/1234\/\",\"name\":\"Z\u00e1kladn\u00e1 Umeleck\u00e1 \u0160kola Exn\u00e1rova 6\",\"description\":\"\",\"potentialAction\":[{\"@type\":\"SearchAction\",\"target\":{\"@type\":\"EntryPoint\",\"urlTemplate\":\"https:\/\/www.zus-exnarova.sk\/1234\/?s={search_term_string}\"},\"query-input\":{\"@type\":\"PropertyValueSpecification\",\"valueRequired\":true,\"valueName\":\"search_term_string\"}}],\"inLanguage\":\"en-US\"}]}<\/script>\n<!-- \/ Yoast SEO plugin. -->","yoast_head_json":{"title":"Divadeln\u00e9 piatky pre \u0161koly - Z\u00e1kladn\u00e1 Umeleck\u00e1 \u0160kola Exn\u00e1rova 6","robots":{"index":"index","follow":"follow","max-snippet":"max-snippet:-1","max-image-preview":"max-image-preview:large","max-video-preview":"max-video-preview:-1"},"canonical":"https:\/\/www.zus-exnarova.sk\/1234\/divadelne-piatky-pre-skoly\/","og_locale":"en_US","og_type":"article","og_title":"Divadeln\u00e9 piatky pre \u0161koly - Z\u00e1kladn\u00e1 Umeleck\u00e1 \u0160kola Exn\u00e1rova 6","og_description":"Z\u00e1kladn\u00e1 umeleck\u00e1 \u0161kola Exn\u00e1rova 6 v spolupr\u00e1ci s DK Ru\u017einov pripravili pre \u017eiakov 2. \u2013 6. ro\u010dn\u00edka Z\u0160 s\u00e9riu divadeln\u00fdch predstaven\u00ed v r\u00e1mci projektu Divadeln\u00e9 piatky pre \u0161koly. Ver\u00edme, \u017ee sc\u00e9nick\u00e9 spracovanie povinn\u00e9ho \u010d\u00edtania prinesie \u017eiakom p\u00fatav\u00e9 a z\u00e1\u017eitkov\u00e9 vzdel\u00e1vanie. Vstup je bezodplatn\u00fd, s dobrovo\u013en\u00fdm pr\u00edspevkom 2 \u20ac na \u017eiaka. Rezerv\u00e1cie: https:\/\/sites.google.com\/view\/info-exncompany\/domov Kontakt: info.exncompany@gmail.com","og_url":"https:\/\/www.zus-exnarova.sk\/1234\/divadelne-piatky-pre-skoly\/","og_site_name":"Z\u00e1kladn\u00e1 Umeleck\u00e1 \u0160kola Exn\u00e1rova 6","og_image":[{"url":"https:\/\/www.zus-exnarova.sk\/1234\/wp-content\/uploads\/2025\/12\/IMG_5359-681x1024.jpg"}],"twitter_card":"summary_large_image","twitter_misc":{"Est. reading time":"4 minutes"},"schema":{"@context":"https:\/\/schema.org","@graph":[{"@type":"WebPage","@id":"https:\/\/www.zus-exnarova.sk\/1234\/divadelne-piatky-pre-skoly\/","url":"https:\/\/www.zus-exnarova.sk\/1234\/divadelne-piatky-pre-skoly\/","name":"Divadeln\u00e9 piatky pre \u0161koly - Z\u00e1kladn\u00e1 Umeleck\u00e1 \u0160kola Exn\u00e1rova 6","isPartOf":{"@id":"https:\/\/www.zus-exnarova.sk\/1234\/#website"},"primaryImageOfPage":{"@id":"https:\/\/www.zus-exnarova.sk\/1234\/divadelne-piatky-pre-skoly\/#primaryimage"},"image":{"@id":"https:\/\/www.zus-exnarova.sk\/1234\/divadelne-piatky-pre-skoly\/#primaryimage"},"thumbnailUrl":"https:\/\/www.zus-exnarova.sk\/1234\/wp-content\/uploads\/2025\/12\/IMG_5359-681x1024.jpg","datePublished":"2025-12-03T06:31:52+00:00","dateModified":"2025-12-03T06:31:52+00:00","breadcrumb":{"@id":"https:\/\/www.zus-exnarova.sk\/1234\/divadelne-piatky-pre-skoly\/#breadcrumb"},"inLanguage":"en-US","potentialAction":[{"@type":"ReadAction","target":["https:\/\/www.zus-exnarova.sk\/1234\/divadelne-piatky-pre-skoly\/"]}]},{"@type":"ImageObject","inLanguage":"en-US","@id":"https:\/\/www.zus-exnarova.sk\/1234\/divadelne-piatky-pre-skoly\/#primaryimage","url":"https:\/\/www.zus-exnarova.sk\/1234\/wp-content\/uploads\/2025\/12\/IMG_5359.jpg","contentUrl":"https:\/\/www.zus-exnarova.sk\/1234\/wp-content\/uploads\/2025\/12\/IMG_5359.jpg","width":1064,"height":1600},{"@type":"BreadcrumbList","@id":"https:\/\/www.zus-exnarova.sk\/1234\/divadelne-piatky-pre-skoly\/#breadcrumb","itemListElement":[{"@type":"ListItem","position":1,"name":"Home","item":"https:\/\/www.zus-exnarova.sk\/1234\/"},{"@type":"ListItem","position":2,"name":"Divadeln\u00e9 piatky pre \u0161koly"}]},{"@type":"WebSite","@id":"https:\/\/www.zus-exnarova.sk\/1234\/#website","url":"https:\/\/www.zus-exnarova.sk\/1234\/","name":"Z\u00e1kladn\u00e1 Umeleck\u00e1 \u0160kola Exn\u00e1rova 6","description":"","potentialAction":[{"@type":"SearchAction","target":{"@type":"EntryPoint","urlTemplate":"https:\/\/www.zus-exnarova.sk\/1234\/?s={search_term_string}"},"query-input":{"@type":"PropertyValueSpecification","valueRequired":true,"valueName":"search_term_string"}}],"inLanguage":"en-US"}]}},"_links":{"self":[{"href":"https:\/\/www.zus-exnarova.sk\/1234\/wp-json\/wp\/v2\/pages\/3485"}],"collection":[{"href":"https:\/\/www.zus-exnarova.sk\/1234\/wp-json\/wp\/v2\/pages"}],"about":[{"href":"https:\/\/www.zus-exnarova.sk\/1234\/wp-json\/wp\/v2\/types\/page"}],"author":[{"embeddable":true,"href":"https:\/\/www.zus-exnarova.sk\/1234\/wp-json\/wp\/v2\/users\/2"}],"replies":[{"embeddable":true,"href":"https:\/\/www.zus-exnarova.sk\/1234\/wp-json\/wp\/v2\/comments?post=3485"}],"version-history":[{"count":1,"href":"https:\/\/www.zus-exnarova.sk\/1234\/wp-json\/wp\/v2\/pages\/3485\/revisions"}],"predecessor-version":[{"id":3505,"href":"https:\/\/www.zus-exnarova.sk\/1234\/wp-json\/wp\/v2\/pages\/3485\/revisions\/3505"}],"wp:attachment":[{"href":"https:\/\/www.zus-exnarova.sk\/1234\/wp-json\/wp\/v2\/media?parent=3485"}],"curies":[{"name":"wp","href":"https:\/\/api.w.org\/{rel}","templated":true}]}}