{"id":3986,"date":"2026-04-30T20:35:32","date_gmt":"2026-04-30T18:35:32","guid":{"rendered":"https:\/\/www.zus-exnarova.sk\/1234\/?page_id=3986"},"modified":"2026-04-30T20:36:56","modified_gmt":"2026-04-30T18:36:56","slug":"bratislavska-umelecka-seniorska-akademia","status":"publish","type":"page","link":"https:\/\/www.zus-exnarova.sk\/1234\/bratislavska-umelecka-seniorska-akademia\/","title":{"rendered":"Bratislavsk\u00e1 umeleck\u00e1 seniorsk\u00e1 akad\u00e9mia"},"content":{"rendered":"\t\t<div data-elementor-type=\"wp-page\" data-elementor-id=\"3986\" class=\"elementor elementor-3986\">\n\t\t\t\t<div class=\"elementor-element elementor-element-4f2a773 e-flex e-con-boxed e-con e-parent\" data-id=\"4f2a773\" data-element_type=\"container\">\n\t\t\t\t\t<div class=\"e-con-inner\">\n\t\t\t\t<div class=\"elementor-element elementor-element-91a64ab elementor-widget elementor-widget-text-editor\" data-id=\"91a64ab\" data-element_type=\"widget\" data-widget_type=\"text-editor.default\">\n\t\t\t\t<div class=\"elementor-widget-container\">\n\t\t\t\t\t\t\t<p>Bratislavsk\u00e1 umeleck\u00e1 seniorsk\u00e1 akad\u00e9mia (BUSA) je dvojro\u010dn\u00fd vzdel\u00e1vac\u00ed a komunitn\u00fd program ur\u010den\u00fd pre seniorov a seniorky vo veku 62 a viac rokov s trval\u00fdm pobytom na \u00fazem\u00ed HMBA. Cie\u013eom BUSA je rozv\u00edja\u0165 umeleck\u00fd potenci\u00e1l, objavova\u0165 nov\u00e9 talenty a nadv\u00e4zova\u0165 soci\u00e1lne kontakty. Program podporuje celo\u017eivotn\u00e9 vzdel\u00e1vanie, kreativitu a osobn\u00fd rozvoj v pr\u00edjemnom komunitnom prostred\u00ed.<br \/>Prihlasovanie na BUSA bude prebieha\u0165 od 30.04.2026 do 17.05.2026 prostredn\u00edctvom online registra\u010dn\u00e9ho formul\u00e1ra zverejnen\u00e9ho na webovej str\u00e1nke hlavn\u00e9ho mesta SR Bratislava.<br \/>D\u00f4le\u017eit\u00e9 upozornenie:<br \/>Prihlasovanie je mo\u017en\u00e9 v\u00fdlu\u010dne online prostredn\u00edctvom registra\u010dn\u00e9ho formul\u00e1ra. Nie je mo\u017en\u00e9 poda\u0165 prihl\u00e1\u0161ku v tla\u010denej (papierovej) forme.<br \/>V pr\u00edpade potreby je mo\u017en\u00e9 z\u00e1ujemcom zo strany ZU\u0160\/CV\u010c poskytn\u00fa\u0165 pomoc:<br \/>\u2022 s pou\u017eit\u00edm IT techniky,<br \/>\u2022 pri samotnej registr\u00e1cii do syst\u00e9mu.<br \/>Podmienkou \u00faspe\u0161n\u00e9ho prihl\u00e1senia je v\u0161ak, aby mal ka\u017ed\u00fd z\u00e1ujemca vlastn\u00fa a funk\u010dn\u00fa e-mailov\u00fa adresu, ktor\u00fa uved\u00fa ako kontaktn\u00fa do registra\u010dn\u00e9ho formul\u00e1ra.<br \/>Ka\u017ed\u00e1 z\u00e1ujemky\u0148a\/z\u00e1ujemca si m\u00f4\u017ee vybra\u0165 iba jeden umeleck\u00fd odbor. V pr\u00edpade naplnenia kapacity niektor\u00e9ho z pon\u00fakan\u00fdch umeleck\u00fdch odborov sa m\u00f4\u017ee z\u00e1ujemky\u0148a\/z\u00e1ujemca prihl\u00e1si\u0165 ako n\u00e1hradn\u00ed\u010dka\/n\u00e1hradn\u00edk, pri\u010dom nie je zaru\u010den\u00e9 uvo\u013enenie kapacity s n\u00e1slednou \u00fa\u010das\u0165ou na BUSA. V danom pr\u00edpade odpor\u00fa\u010dame, aby si z\u00e1ujemky\u0148a\/z\u00e1ujemca vybral in\u00fd umeleck\u00fd odbor s vo\u013enou kapacitou (t\u00e1to mo\u017enos\u0165 je uveden\u00e1 na konci online registra\u010dn\u00e9ho formul\u00e1ra).<br \/>Po odoslan\u00ed prihl\u00e1\u0161ky pr\u00edde uch\u00e1dza\u010dovi potvrdzuj\u00faci email na zadan\u00fa kontaktn\u00fa adresu so s\u00fahrnom odpoved\u00ed a bli\u017e\u0161\u00edmi inform\u00e1ciami.<\/p><p>\u00a0<\/p><p>Podrobnej\u0161ie inform\u00e1cie n\u00e1jdete na:<\/p><p><a href=\"https:\/\/bratislava.sk\/vzdelavanie-a-volny-cas\/uciaca-sa-bratislava\/bratislavska-umelecka-seniorska-akademia\">https:\/\/bratislava.sk\/vzdelavanie-a-volny-cas\/uciaca-sa-bratislava\/bratislavska-umelecka-seniorska-akademia<\/a><\/p><p>\u00a0<\/p><p>\u00a0<\/p>\t\t\t\t\t\t<\/div>\n\t\t\t\t<\/div>\n\t\t\t\t\t<\/div>\n\t\t\t\t<\/div>\n\t\t\t\t<\/div>\n\t\t","protected":false},"excerpt":{"rendered":"<p>Bratislavsk\u00e1 umeleck\u00e1 seniorsk\u00e1 akad\u00e9mia (BUSA) je dvojro\u010dn\u00fd vzdel\u00e1vac\u00ed a komunitn\u00fd program ur\u010den\u00fd pre seniorov a seniorky vo veku 62 a viac rokov s trval\u00fdm pobytom na \u00fazem\u00ed HMBA. Cie\u013eom BUSA je rozv\u00edja\u0165 umeleck\u00fd potenci\u00e1l, objavova\u0165 nov\u00e9 talenty a nadv\u00e4zova\u0165 soci\u00e1lne kontakty. Program podporuje celo\u017eivotn\u00e9 vzdel\u00e1vanie, kreativitu a osobn\u00fd rozvoj v pr\u00edjemnom komunitnom prostred\u00ed.Prihlasovanie na BUSA [&hellip;]<\/p>\n","protected":false},"author":2,"featured_media":0,"parent":0,"menu_order":0,"comment_status":"closed","ping_status":"closed","template":"","meta":{"_monsterinsights_skip_tracking":false,"_monsterinsights_sitenote_active":false,"_monsterinsights_sitenote_note":"","_monsterinsights_sitenote_category":0,"footnotes":""},"class_list":["post-3986","page","type-page","status-publish","hentry"],"yoast_head":"<!-- This site is optimized with the Yoast SEO plugin v23.4 - https:\/\/yoast.com\/wordpress\/plugins\/seo\/ -->\n<title>Bratislavsk\u00e1 umeleck\u00e1 seniorsk\u00e1 akad\u00e9mia - Z\u00e1kladn\u00e1 Umeleck\u00e1 \u0160kola Exn\u00e1rova 6<\/title>\n<meta name=\"robots\" content=\"index, follow, max-snippet:-1, max-image-preview:large, max-video-preview:-1\" \/>\n<link rel=\"canonical\" href=\"https:\/\/www.zus-exnarova.sk\/1234\/bratislavska-umelecka-seniorska-akademia\/\" \/>\n<meta property=\"og:locale\" content=\"en_US\" \/>\n<meta property=\"og:type\" content=\"article\" \/>\n<meta property=\"og:title\" content=\"Bratislavsk\u00e1 umeleck\u00e1 seniorsk\u00e1 akad\u00e9mia - Z\u00e1kladn\u00e1 Umeleck\u00e1 \u0160kola Exn\u00e1rova 6\" \/>\n<meta property=\"og:description\" content=\"Bratislavsk\u00e1 umeleck\u00e1 seniorsk\u00e1 akad\u00e9mia (BUSA) je dvojro\u010dn\u00fd vzdel\u00e1vac\u00ed a komunitn\u00fd program ur\u010den\u00fd pre seniorov a seniorky vo veku 62 a viac rokov s trval\u00fdm pobytom na \u00fazem\u00ed HMBA. Cie\u013eom BUSA je rozv\u00edja\u0165 umeleck\u00fd potenci\u00e1l, objavova\u0165 nov\u00e9 talenty a nadv\u00e4zova\u0165 soci\u00e1lne kontakty. Program podporuje celo\u017eivotn\u00e9 vzdel\u00e1vanie, kreativitu a osobn\u00fd rozvoj v pr\u00edjemnom komunitnom prostred\u00ed.Prihlasovanie na BUSA [&hellip;]\" \/>\n<meta property=\"og:url\" content=\"https:\/\/www.zus-exnarova.sk\/1234\/bratislavska-umelecka-seniorska-akademia\/\" \/>\n<meta property=\"og:site_name\" content=\"Z\u00e1kladn\u00e1 Umeleck\u00e1 \u0160kola Exn\u00e1rova 6\" \/>\n<meta property=\"article:modified_time\" content=\"2026-04-30T18:36:56+00:00\" \/>\n<meta name=\"twitter:card\" content=\"summary_large_image\" \/>\n<meta name=\"twitter:label1\" content=\"Est. reading time\" \/>\n\t<meta name=\"twitter:data1\" content=\"1 minute\" \/>\n<script type=\"application\/ld+json\" class=\"yoast-schema-graph\">{\"@context\":\"https:\/\/schema.org\",\"@graph\":[{\"@type\":\"WebPage\",\"@id\":\"https:\/\/www.zus-exnarova.sk\/1234\/bratislavska-umelecka-seniorska-akademia\/\",\"url\":\"https:\/\/www.zus-exnarova.sk\/1234\/bratislavska-umelecka-seniorska-akademia\/\",\"name\":\"Bratislavsk\u00e1 umeleck\u00e1 seniorsk\u00e1 akad\u00e9mia - Z\u00e1kladn\u00e1 Umeleck\u00e1 \u0160kola Exn\u00e1rova 6\",\"isPartOf\":{\"@id\":\"https:\/\/www.zus-exnarova.sk\/1234\/#website\"},\"datePublished\":\"2026-04-30T18:35:32+00:00\",\"dateModified\":\"2026-04-30T18:36:56+00:00\",\"breadcrumb\":{\"@id\":\"https:\/\/www.zus-exnarova.sk\/1234\/bratislavska-umelecka-seniorska-akademia\/#breadcrumb\"},\"inLanguage\":\"en-US\",\"potentialAction\":[{\"@type\":\"ReadAction\",\"target\":[\"https:\/\/www.zus-exnarova.sk\/1234\/bratislavska-umelecka-seniorska-akademia\/\"]}]},{\"@type\":\"BreadcrumbList\",\"@id\":\"https:\/\/www.zus-exnarova.sk\/1234\/bratislavska-umelecka-seniorska-akademia\/#breadcrumb\",\"itemListElement\":[{\"@type\":\"ListItem\",\"position\":1,\"name\":\"Home\",\"item\":\"https:\/\/www.zus-exnarova.sk\/1234\/\"},{\"@type\":\"ListItem\",\"position\":2,\"name\":\"Bratislavsk\u00e1 umeleck\u00e1 seniorsk\u00e1 akad\u00e9mia\"}]},{\"@type\":\"WebSite\",\"@id\":\"https:\/\/www.zus-exnarova.sk\/1234\/#website\",\"url\":\"https:\/\/www.zus-exnarova.sk\/1234\/\",\"name\":\"Z\u00e1kladn\u00e1 Umeleck\u00e1 \u0160kola Exn\u00e1rova 6\",\"description\":\"\",\"potentialAction\":[{\"@type\":\"SearchAction\",\"target\":{\"@type\":\"EntryPoint\",\"urlTemplate\":\"https:\/\/www.zus-exnarova.sk\/1234\/?s={search_term_string}\"},\"query-input\":{\"@type\":\"PropertyValueSpecification\",\"valueRequired\":true,\"valueName\":\"search_term_string\"}}],\"inLanguage\":\"en-US\"}]}<\/script>\n<!-- \/ Yoast SEO plugin. -->","yoast_head_json":{"title":"Bratislavsk\u00e1 umeleck\u00e1 seniorsk\u00e1 akad\u00e9mia - Z\u00e1kladn\u00e1 Umeleck\u00e1 \u0160kola Exn\u00e1rova 6","robots":{"index":"index","follow":"follow","max-snippet":"max-snippet:-1","max-image-preview":"max-image-preview:large","max-video-preview":"max-video-preview:-1"},"canonical":"https:\/\/www.zus-exnarova.sk\/1234\/bratislavska-umelecka-seniorska-akademia\/","og_locale":"en_US","og_type":"article","og_title":"Bratislavsk\u00e1 umeleck\u00e1 seniorsk\u00e1 akad\u00e9mia - Z\u00e1kladn\u00e1 Umeleck\u00e1 \u0160kola Exn\u00e1rova 6","og_description":"Bratislavsk\u00e1 umeleck\u00e1 seniorsk\u00e1 akad\u00e9mia (BUSA) je dvojro\u010dn\u00fd vzdel\u00e1vac\u00ed a komunitn\u00fd program ur\u010den\u00fd pre seniorov a seniorky vo veku 62 a viac rokov s trval\u00fdm pobytom na \u00fazem\u00ed HMBA. Cie\u013eom BUSA je rozv\u00edja\u0165 umeleck\u00fd potenci\u00e1l, objavova\u0165 nov\u00e9 talenty a nadv\u00e4zova\u0165 soci\u00e1lne kontakty. Program podporuje celo\u017eivotn\u00e9 vzdel\u00e1vanie, kreativitu a osobn\u00fd rozvoj v pr\u00edjemnom komunitnom prostred\u00ed.Prihlasovanie na BUSA [&hellip;]","og_url":"https:\/\/www.zus-exnarova.sk\/1234\/bratislavska-umelecka-seniorska-akademia\/","og_site_name":"Z\u00e1kladn\u00e1 Umeleck\u00e1 \u0160kola Exn\u00e1rova 6","article_modified_time":"2026-04-30T18:36:56+00:00","twitter_card":"summary_large_image","twitter_misc":{"Est. reading time":"1 minute"},"schema":{"@context":"https:\/\/schema.org","@graph":[{"@type":"WebPage","@id":"https:\/\/www.zus-exnarova.sk\/1234\/bratislavska-umelecka-seniorska-akademia\/","url":"https:\/\/www.zus-exnarova.sk\/1234\/bratislavska-umelecka-seniorska-akademia\/","name":"Bratislavsk\u00e1 umeleck\u00e1 seniorsk\u00e1 akad\u00e9mia - Z\u00e1kladn\u00e1 Umeleck\u00e1 \u0160kola Exn\u00e1rova 6","isPartOf":{"@id":"https:\/\/www.zus-exnarova.sk\/1234\/#website"},"datePublished":"2026-04-30T18:35:32+00:00","dateModified":"2026-04-30T18:36:56+00:00","breadcrumb":{"@id":"https:\/\/www.zus-exnarova.sk\/1234\/bratislavska-umelecka-seniorska-akademia\/#breadcrumb"},"inLanguage":"en-US","potentialAction":[{"@type":"ReadAction","target":["https:\/\/www.zus-exnarova.sk\/1234\/bratislavska-umelecka-seniorska-akademia\/"]}]},{"@type":"BreadcrumbList","@id":"https:\/\/www.zus-exnarova.sk\/1234\/bratislavska-umelecka-seniorska-akademia\/#breadcrumb","itemListElement":[{"@type":"ListItem","position":1,"name":"Home","item":"https:\/\/www.zus-exnarova.sk\/1234\/"},{"@type":"ListItem","position":2,"name":"Bratislavsk\u00e1 umeleck\u00e1 seniorsk\u00e1 akad\u00e9mia"}]},{"@type":"WebSite","@id":"https:\/\/www.zus-exnarova.sk\/1234\/#website","url":"https:\/\/www.zus-exnarova.sk\/1234\/","name":"Z\u00e1kladn\u00e1 Umeleck\u00e1 \u0160kola Exn\u00e1rova 6","description":"","potentialAction":[{"@type":"SearchAction","target":{"@type":"EntryPoint","urlTemplate":"https:\/\/www.zus-exnarova.sk\/1234\/?s={search_term_string}"},"query-input":{"@type":"PropertyValueSpecification","valueRequired":true,"valueName":"search_term_string"}}],"inLanguage":"en-US"}]}},"_links":{"self":[{"href":"https:\/\/www.zus-exnarova.sk\/1234\/wp-json\/wp\/v2\/pages\/3986"}],"collection":[{"href":"https:\/\/www.zus-exnarova.sk\/1234\/wp-json\/wp\/v2\/pages"}],"about":[{"href":"https:\/\/www.zus-exnarova.sk\/1234\/wp-json\/wp\/v2\/types\/page"}],"author":[{"embeddable":true,"href":"https:\/\/www.zus-exnarova.sk\/1234\/wp-json\/wp\/v2\/users\/2"}],"replies":[{"embeddable":true,"href":"https:\/\/www.zus-exnarova.sk\/1234\/wp-json\/wp\/v2\/comments?post=3986"}],"version-history":[{"count":4,"href":"https:\/\/www.zus-exnarova.sk\/1234\/wp-json\/wp\/v2\/pages\/3986\/revisions"}],"predecessor-version":[{"id":3990,"href":"https:\/\/www.zus-exnarova.sk\/1234\/wp-json\/wp\/v2\/pages\/3986\/revisions\/3990"}],"wp:attachment":[{"href":"https:\/\/www.zus-exnarova.sk\/1234\/wp-json\/wp\/v2\/media?parent=3986"}],"curies":[{"name":"wp","href":"https:\/\/api.w.org\/{rel}","templated":true}]}}