{"id":425,"date":"2024-04-26T09:56:03","date_gmt":"2024-04-26T07:56:03","guid":{"rendered":"https:\/\/www.zus-exnarova.sk\/1234\/?page_id=425"},"modified":"2024-05-31T06:22:18","modified_gmt":"2024-05-31T04:22:18","slug":"literarno-dramaticky-odbor","status":"publish","type":"page","link":"https:\/\/www.zus-exnarova.sk\/1234\/literarno-dramaticky-odbor\/","title":{"rendered":"Liter\u00e1rno-dramatick\u00fd odbor"},"content":{"rendered":"\t\t<div data-elementor-type=\"wp-page\" data-elementor-id=\"425\" class=\"elementor elementor-425\">\n\t\t\t\t<div class=\"elementor-element elementor-element-0cd6afc e-flex e-con-boxed e-con e-parent\" data-id=\"0cd6afc\" data-element_type=\"container\">\n\t\t\t\t\t<div class=\"e-con-inner\">\n\t\t\t\t<div class=\"elementor-element elementor-element-b49cc41 elementor-widget elementor-widget-heading\" data-id=\"b49cc41\" data-element_type=\"widget\" data-widget_type=\"heading.default\">\n\t\t\t\t<div class=\"elementor-widget-container\">\n\t\t\t<h2 class=\"elementor-heading-title elementor-size-default\">Liter\u00e1rno-dramatick\u00fd odbor\n<\/h2>\t\t<\/div>\n\t\t\t\t<\/div>\n\t\t\t\t\t<\/div>\n\t\t\t\t<\/div>\n\t\t<div class=\"elementor-element elementor-element-ab861ee e-flex e-con-boxed e-con e-parent\" data-id=\"ab861ee\" data-element_type=\"container\">\n\t\t\t\t\t<div class=\"e-con-inner\">\n\t\t\t\t<div class=\"elementor-element elementor-element-dbf630c elementor-widget elementor-widget-text-editor\" data-id=\"dbf630c\" data-element_type=\"widget\" data-widget_type=\"text-editor.default\">\n\t\t\t\t<div class=\"elementor-widget-container\">\n\t\t\t\t\t\t\t<p>Tento syntetick\u00fd odbor v sebe zah\u0155\u0148a re\u010dov\u00fa, pohybov\u00fa a hereck\u00fa pr\u00edpravu. Mal\u00ed herci sa m\u00f4\u017eu v\u010faka stv\u00e1r\u0148ovan\u00fdm postav\u00e1m prenies\u0165 do inej doby \u010di priestoru, m\u00f4\u017eu sa sta\u0165 in\u00fdmi \u013eu\u010fmi, vecami, \u010di zvieratami a za\u017ei\u0165 rozmanit\u00e9\u00a0 situ\u00e1cie. Tento odbor rozv\u00edja osobnos\u0165 \u017eiakov prostredn\u00edctvom jednotliv\u00fdch vzdel\u00e1vac\u00edch techn\u00edk. Pomocou hereck\u00fdch cvi\u010den\u00ed sa \u017eiaci u\u010dia pozn\u00e1va\u0165 svoje em\u00f3cie, vysporiada\u0165 sa s nimi a vyjadri\u0165 ich. \u0160t\u00fadium poskytuje priestor na otv\u00e1ranie r\u00f4znych t\u00e9m, vr\u00e1tane t\u00e9my etiky. \u017diaci sa po\u010das vyu\u010dovania, na javisku a v z\u00e1kulis\u00ed u\u010dia dodr\u017eiava\u0165 pravidl\u00e1, by\u0165 oh\u013eadupln\u00ed k ostatn\u00fdm, kooperova\u0165 a spolupracova\u0165 a zodpovedne pristupova\u0165 k samo\u0161t\u00fadiu.<\/p><p>Ve\u013ek\u00fdm plusom liter\u00e1rno-dramatick\u00e9ho odboru je okrem tvorivosti kultivovanie viacer\u00fdch zru\u010dnost\u00ed.<\/p><p>Neodmyslite\u013enou s\u00fa\u010das\u0165ou umeleck\u00e9ho prednesu je hlasov\u00e1 a re\u010dov\u00e1 pr\u00edprava, ktor\u00e1 obsahuje s\u00fabor vzdel\u00e1vac\u00edch cvi\u010den\u00ed na spr\u00e1vne vyslovovanie p\u00edsmen, odb\u00faravanie zlozvykov pri rozpr\u00e1van\u00ed a d\u00f4raz na spisovnos\u0165 slovensk\u00e9ho jazyka. Pohybov\u00e1 zlo\u017eka formuje rytmick\u00e9 a pohybov\u00e9 kompetencie, plasticitu pohybu a non verb\u00e1lne vyjadrovanie ako v\u00fdrazov\u00fd prostriedok v inscen\u00e1ci\u00e1ch i \u017eivote. Mal\u00ed herci sa od z\u00e1kladu u\u010dia spr\u00e1vnemu dr\u017eaniu tela, hereck\u00e9mu postoju, \u010di \u0161tylizovan\u00e9mu pohybu.<\/p><p>Liter\u00e1rno-dramatick\u00fd odbor v neposlednom rade prispieva k \u010ditate\u013eskej gramotnosti det\u00ed, ich kreat\u00edvnemu mysleniu, rozv\u00edja psychick\u00fa a fyzick\u00fa str\u00e1nku ka\u017edej osobnosti.<\/p>\t\t\t\t\t\t<\/div>\n\t\t\t\t<\/div>\n\t\t\t\t\t<\/div>\n\t\t\t\t<\/div>\n\t\t\t\t<\/div>\n\t\t","protected":false},"excerpt":{"rendered":"<p>Liter\u00e1rno-dramatick\u00fd odbor Tento syntetick\u00fd odbor v sebe zah\u0155\u0148a re\u010dov\u00fa, pohybov\u00fa a hereck\u00fa pr\u00edpravu. Mal\u00ed herci sa m\u00f4\u017eu v\u010faka stv\u00e1r\u0148ovan\u00fdm postav\u00e1m prenies\u0165 do inej doby \u010di priestoru, m\u00f4\u017eu sa sta\u0165 in\u00fdmi \u013eu\u010fmi, vecami, \u010di zvieratami a za\u017ei\u0165 rozmanit\u00e9\u00a0 situ\u00e1cie. Tento odbor rozv\u00edja osobnos\u0165 \u017eiakov prostredn\u00edctvom jednotliv\u00fdch vzdel\u00e1vac\u00edch techn\u00edk. Pomocou hereck\u00fdch cvi\u010den\u00ed sa \u017eiaci u\u010dia pozn\u00e1va\u0165 svoje [&hellip;]<\/p>\n","protected":false},"author":1,"featured_media":0,"parent":0,"menu_order":0,"comment_status":"closed","ping_status":"closed","template":"","meta":{"_monsterinsights_skip_tracking":false,"_monsterinsights_sitenote_active":false,"_monsterinsights_sitenote_note":"","_monsterinsights_sitenote_category":0,"footnotes":""},"class_list":["post-425","page","type-page","status-publish","hentry"],"yoast_head":"<!-- This site is optimized with the Yoast SEO plugin v23.4 - https:\/\/yoast.com\/wordpress\/plugins\/seo\/ -->\n<title>Liter\u00e1rno-dramatick\u00fd odbor - Z\u00e1kladn\u00e1 Umeleck\u00e1 \u0160kola Exn\u00e1rova 6<\/title>\n<meta name=\"robots\" content=\"index, follow, max-snippet:-1, max-image-preview:large, max-video-preview:-1\" \/>\n<link rel=\"canonical\" href=\"https:\/\/www.zus-exnarova.sk\/1234\/literarno-dramaticky-odbor\/\" \/>\n<meta property=\"og:locale\" content=\"en_US\" \/>\n<meta property=\"og:type\" content=\"article\" \/>\n<meta property=\"og:title\" content=\"Liter\u00e1rno-dramatick\u00fd odbor - Z\u00e1kladn\u00e1 Umeleck\u00e1 \u0160kola Exn\u00e1rova 6\" \/>\n<meta property=\"og:description\" content=\"Liter\u00e1rno-dramatick\u00fd odbor Tento syntetick\u00fd odbor v sebe zah\u0155\u0148a re\u010dov\u00fa, pohybov\u00fa a hereck\u00fa pr\u00edpravu. Mal\u00ed herci sa m\u00f4\u017eu v\u010faka stv\u00e1r\u0148ovan\u00fdm postav\u00e1m prenies\u0165 do inej doby \u010di priestoru, m\u00f4\u017eu sa sta\u0165 in\u00fdmi \u013eu\u010fmi, vecami, \u010di zvieratami a za\u017ei\u0165 rozmanit\u00e9\u00a0 situ\u00e1cie. Tento odbor rozv\u00edja osobnos\u0165 \u017eiakov prostredn\u00edctvom jednotliv\u00fdch vzdel\u00e1vac\u00edch techn\u00edk. Pomocou hereck\u00fdch cvi\u010den\u00ed sa \u017eiaci u\u010dia pozn\u00e1va\u0165 svoje [&hellip;]\" \/>\n<meta property=\"og:url\" content=\"https:\/\/www.zus-exnarova.sk\/1234\/literarno-dramaticky-odbor\/\" \/>\n<meta property=\"og:site_name\" content=\"Z\u00e1kladn\u00e1 Umeleck\u00e1 \u0160kola Exn\u00e1rova 6\" \/>\n<meta property=\"article:modified_time\" content=\"2024-05-31T04:22:18+00:00\" \/>\n<meta name=\"twitter:card\" content=\"summary_large_image\" \/>\n<meta name=\"twitter:label1\" content=\"Est. reading time\" \/>\n\t<meta name=\"twitter:data1\" content=\"1 minute\" \/>\n<script type=\"application\/ld+json\" class=\"yoast-schema-graph\">{\"@context\":\"https:\/\/schema.org\",\"@graph\":[{\"@type\":\"WebPage\",\"@id\":\"https:\/\/www.zus-exnarova.sk\/1234\/literarno-dramaticky-odbor\/\",\"url\":\"https:\/\/www.zus-exnarova.sk\/1234\/literarno-dramaticky-odbor\/\",\"name\":\"Liter\u00e1rno-dramatick\u00fd odbor - Z\u00e1kladn\u00e1 Umeleck\u00e1 \u0160kola Exn\u00e1rova 6\",\"isPartOf\":{\"@id\":\"https:\/\/www.zus-exnarova.sk\/1234\/#website\"},\"datePublished\":\"2024-04-26T07:56:03+00:00\",\"dateModified\":\"2024-05-31T04:22:18+00:00\",\"breadcrumb\":{\"@id\":\"https:\/\/www.zus-exnarova.sk\/1234\/literarno-dramaticky-odbor\/#breadcrumb\"},\"inLanguage\":\"en-US\",\"potentialAction\":[{\"@type\":\"ReadAction\",\"target\":[\"https:\/\/www.zus-exnarova.sk\/1234\/literarno-dramaticky-odbor\/\"]}]},{\"@type\":\"BreadcrumbList\",\"@id\":\"https:\/\/www.zus-exnarova.sk\/1234\/literarno-dramaticky-odbor\/#breadcrumb\",\"itemListElement\":[{\"@type\":\"ListItem\",\"position\":1,\"name\":\"Home\",\"item\":\"https:\/\/www.zus-exnarova.sk\/1234\/\"},{\"@type\":\"ListItem\",\"position\":2,\"name\":\"Liter\u00e1rno-dramatick\u00fd odbor\"}]},{\"@type\":\"WebSite\",\"@id\":\"https:\/\/www.zus-exnarova.sk\/1234\/#website\",\"url\":\"https:\/\/www.zus-exnarova.sk\/1234\/\",\"name\":\"Z\u00e1kladn\u00e1 Umeleck\u00e1 \u0160kola Exn\u00e1rova 6\",\"description\":\"\",\"potentialAction\":[{\"@type\":\"SearchAction\",\"target\":{\"@type\":\"EntryPoint\",\"urlTemplate\":\"https:\/\/www.zus-exnarova.sk\/1234\/?s={search_term_string}\"},\"query-input\":{\"@type\":\"PropertyValueSpecification\",\"valueRequired\":true,\"valueName\":\"search_term_string\"}}],\"inLanguage\":\"en-US\"}]}<\/script>\n<!-- \/ Yoast SEO plugin. -->","yoast_head_json":{"title":"Liter\u00e1rno-dramatick\u00fd odbor - Z\u00e1kladn\u00e1 Umeleck\u00e1 \u0160kola Exn\u00e1rova 6","robots":{"index":"index","follow":"follow","max-snippet":"max-snippet:-1","max-image-preview":"max-image-preview:large","max-video-preview":"max-video-preview:-1"},"canonical":"https:\/\/www.zus-exnarova.sk\/1234\/literarno-dramaticky-odbor\/","og_locale":"en_US","og_type":"article","og_title":"Liter\u00e1rno-dramatick\u00fd odbor - Z\u00e1kladn\u00e1 Umeleck\u00e1 \u0160kola Exn\u00e1rova 6","og_description":"Liter\u00e1rno-dramatick\u00fd odbor Tento syntetick\u00fd odbor v sebe zah\u0155\u0148a re\u010dov\u00fa, pohybov\u00fa a hereck\u00fa pr\u00edpravu. Mal\u00ed herci sa m\u00f4\u017eu v\u010faka stv\u00e1r\u0148ovan\u00fdm postav\u00e1m prenies\u0165 do inej doby \u010di priestoru, m\u00f4\u017eu sa sta\u0165 in\u00fdmi \u013eu\u010fmi, vecami, \u010di zvieratami a za\u017ei\u0165 rozmanit\u00e9\u00a0 situ\u00e1cie. Tento odbor rozv\u00edja osobnos\u0165 \u017eiakov prostredn\u00edctvom jednotliv\u00fdch vzdel\u00e1vac\u00edch techn\u00edk. Pomocou hereck\u00fdch cvi\u010den\u00ed sa \u017eiaci u\u010dia pozn\u00e1va\u0165 svoje [&hellip;]","og_url":"https:\/\/www.zus-exnarova.sk\/1234\/literarno-dramaticky-odbor\/","og_site_name":"Z\u00e1kladn\u00e1 Umeleck\u00e1 \u0160kola Exn\u00e1rova 6","article_modified_time":"2024-05-31T04:22:18+00:00","twitter_card":"summary_large_image","twitter_misc":{"Est. reading time":"1 minute"},"schema":{"@context":"https:\/\/schema.org","@graph":[{"@type":"WebPage","@id":"https:\/\/www.zus-exnarova.sk\/1234\/literarno-dramaticky-odbor\/","url":"https:\/\/www.zus-exnarova.sk\/1234\/literarno-dramaticky-odbor\/","name":"Liter\u00e1rno-dramatick\u00fd odbor - Z\u00e1kladn\u00e1 Umeleck\u00e1 \u0160kola Exn\u00e1rova 6","isPartOf":{"@id":"https:\/\/www.zus-exnarova.sk\/1234\/#website"},"datePublished":"2024-04-26T07:56:03+00:00","dateModified":"2024-05-31T04:22:18+00:00","breadcrumb":{"@id":"https:\/\/www.zus-exnarova.sk\/1234\/literarno-dramaticky-odbor\/#breadcrumb"},"inLanguage":"en-US","potentialAction":[{"@type":"ReadAction","target":["https:\/\/www.zus-exnarova.sk\/1234\/literarno-dramaticky-odbor\/"]}]},{"@type":"BreadcrumbList","@id":"https:\/\/www.zus-exnarova.sk\/1234\/literarno-dramaticky-odbor\/#breadcrumb","itemListElement":[{"@type":"ListItem","position":1,"name":"Home","item":"https:\/\/www.zus-exnarova.sk\/1234\/"},{"@type":"ListItem","position":2,"name":"Liter\u00e1rno-dramatick\u00fd odbor"}]},{"@type":"WebSite","@id":"https:\/\/www.zus-exnarova.sk\/1234\/#website","url":"https:\/\/www.zus-exnarova.sk\/1234\/","name":"Z\u00e1kladn\u00e1 Umeleck\u00e1 \u0160kola Exn\u00e1rova 6","description":"","potentialAction":[{"@type":"SearchAction","target":{"@type":"EntryPoint","urlTemplate":"https:\/\/www.zus-exnarova.sk\/1234\/?s={search_term_string}"},"query-input":{"@type":"PropertyValueSpecification","valueRequired":true,"valueName":"search_term_string"}}],"inLanguage":"en-US"}]}},"_links":{"self":[{"href":"https:\/\/www.zus-exnarova.sk\/1234\/wp-json\/wp\/v2\/pages\/425"}],"collection":[{"href":"https:\/\/www.zus-exnarova.sk\/1234\/wp-json\/wp\/v2\/pages"}],"about":[{"href":"https:\/\/www.zus-exnarova.sk\/1234\/wp-json\/wp\/v2\/types\/page"}],"author":[{"embeddable":true,"href":"https:\/\/www.zus-exnarova.sk\/1234\/wp-json\/wp\/v2\/users\/1"}],"replies":[{"embeddable":true,"href":"https:\/\/www.zus-exnarova.sk\/1234\/wp-json\/wp\/v2\/comments?post=425"}],"version-history":[{"count":6,"href":"https:\/\/www.zus-exnarova.sk\/1234\/wp-json\/wp\/v2\/pages\/425\/revisions"}],"predecessor-version":[{"id":1575,"href":"https:\/\/www.zus-exnarova.sk\/1234\/wp-json\/wp\/v2\/pages\/425\/revisions\/1575"}],"wp:attachment":[{"href":"https:\/\/www.zus-exnarova.sk\/1234\/wp-json\/wp\/v2\/media?parent=425"}],"curies":[{"name":"wp","href":"https:\/\/api.w.org\/{rel}","templated":true}]}}